CRAN Package Check Results for Package seqtrie

Last updated on 2024-06-18 18:49:12 CEST.

Flavor Version Tinstall Tcheck Ttotal Status Flags
r-devel-linux-x86_64-debian-clang 0.2.8 81.43 837.31 918.74 NOTE
r-devel-linux-x86_64-debian-gcc 0.2.8 59.13 1133.33 1192.46 NOTE
r-devel-linux-x86_64-fedora-clang 0.2.8 1234.84 NOTE
r-devel-linux-x86_64-fedora-gcc 0.2.8 1952.76 NOTE
r-devel-windows-x86_64 0.2.8 75.00 569.00 644.00 NOTE
r-patched-linux-x86_64 0.2.8 73.92 1490.82 1564.74 NOTE
r-release-linux-x86_64 0.2.8 74.89 1524.07 1598.96 NOTE
r-release-macos-arm64 0.2.8 554.00 NOTE
r-release-macos-x86_64 0.2.8 535.00 NOTE
r-release-windows-x86_64 0.2.8 75.00 631.00 706.00 NOTE
r-oldrel-macos-arm64 0.2.8 556.00 NOTE
r-oldrel-macos-x86_64 0.2.8 840.00 NOTE
r-oldrel-windows-x86_64 0.2.8 90.00 724.00 814.00 NOTE

Check Details

Version: 0.2.8
Check: for GNU extensions in Makefiles
Result: NOTE GNU make is a SystemRequirements. Flavors: r-devel-linux-x86_64-debian-clang, r-devel-linux-x86_64-debian-gcc, r-devel-linux-x86_64-fedora-clang, r-devel-linux-x86_64-fedora-gcc, r-devel-windows-x86_64, r-patched-linux-x86_64, r-release-linux-x86_64, r-release-macos-arm64, r-release-macos-x86_64, r-release-windows-x86_64, r-oldrel-macos-arm64, r-oldrel-macos-x86_64, r-oldrel-windows-x86_64

Version: 0.2.8
Check: compiled code
Result: NOTE File ‘seqtrie/libs/seqtrie.so’: Found non-API call to R: ‘STRING_PTR’ Compiled code should not call non-API entry points in R. See ‘Writing portable packages’ in the ‘Writing R Extensions’ manual. Flavors: r-devel-linux-x86_64-fedora-clang, r-devel-linux-x86_64-fedora-gcc

Version: 0.2.8
Check: package dependencies
Result: NOTE Package suggested but not available for checking: ‘pwalign’ Flavors: r-release-macos-arm64, r-release-macos-x86_64, r-oldrel-macos-arm64, r-oldrel-macos-x86_64, r-oldrel-windows-x86_64

Version: 0.2.8
Check: installed package size
Result: NOTE installed size is 5.9Mb sub-directories of 1Mb or more: data 1.1Mb libs 4.3Mb Flavors: r-release-macos-arm64, r-release-macos-x86_64, r-oldrel-macos-arm64, r-oldrel-macos-x86_64