CRAN Package Check Results for Package sentryR

Last updated on 2022-09-28 00:52:54 CEST.

Flavor Version Tinstall Tcheck Ttotal Status Flags
r-devel-linux-x86_64-debian-clang 1.1.0 2.67 27.51 30.18 NOTE
r-devel-linux-x86_64-debian-gcc 1.1.0 2.00 21.33 23.33 NOTE
r-devel-linux-x86_64-fedora-clang 1.1.0 49.32 NOTE
r-devel-linux-x86_64-fedora-gcc 1.1.0 46.49 NOTE
r-devel-windows-x86_64 1.1.0 17.00 63.00 80.00 NOTE
r-patched-linux-x86_64 1.1.0 2.66 26.53 29.19 NOTE
r-release-linux-x86_64 1.1.0 2.38 26.19 28.57 NOTE
r-release-macos-arm64 1.1.0 17.00 NOTE
r-release-macos-x86_64 1.1.0 22.00 NOTE
r-release-windows-x86_64 1.1.0 18.00 62.00 80.00 NOTE
r-oldrel-macos-arm64 1.1.0 21.00 NOTE
r-oldrel-macos-x86_64 1.1.0 28.00 NOTE
r-oldrel-windows-ix86+x86_64 1.1.0 6.00 51.00 57.00 NOTE

Check Details

Version: 1.1.0
Check: LazyData
Result: NOTE
     'LazyData' is specified without a 'data' directory
Flavors: r-devel-linux-x86_64-debian-clang, r-devel-linux-x86_64-debian-gcc, r-devel-linux-x86_64-fedora-clang, r-devel-linux-x86_64-fedora-gcc, r-devel-windows-x86_64, r-patched-linux-x86_64, r-release-linux-x86_64, r-release-macos-arm64, r-release-macos-x86_64, r-release-windows-x86_64, r-oldrel-macos-arm64, r-oldrel-macos-x86_64, r-oldrel-windows-ix86+x86_64