CRAN Package Check Results for Package sensobol

Last updated on 2022-08-13 07:11:46 CEST.

Flavor Version Tinstall Tcheck Ttotal Status Flags
r-devel-linux-x86_64-debian-clang 1.1.1 31.27 93.46 124.73 NOTE
r-devel-linux-x86_64-debian-gcc 1.1.1 25.44 68.28 93.72 NOTE
r-devel-linux-x86_64-fedora-clang 1.1.1 169.50 NOTE
r-devel-linux-x86_64-fedora-gcc 1.1.1 165.54 NOTE
r-devel-windows-x86_64 1.1.1 49.00 150.00 199.00 NOTE
r-patched-linux-x86_64 1.1.1 31.66 84.36 116.02 OK
r-release-linux-x86_64 1.1.1 28.76 85.93 114.69 OK
r-release-macos-arm64 1.1.1 49.00 OK
r-release-macos-x86_64 1.1.1 68.00 OK
r-release-windows-x86_64 1.1.1 50.00 148.00 198.00 OK
r-oldrel-macos-arm64 1.1.1 48.00 OK
r-oldrel-macos-x86_64 1.1.1 68.00 OK
r-oldrel-windows-ix86+x86_64 1.1.1 86.00 155.00 241.00 OK

Check Details

Version: 1.1.1
Check: Rd files
Result: NOTE
    checkRd: (-1) sobol_indices.Rd:119: Escaped LaTeX specials: \&
Flavors: r-devel-linux-x86_64-debian-clang, r-devel-linux-x86_64-debian-gcc, r-devel-linux-x86_64-fedora-clang, r-devel-linux-x86_64-fedora-gcc, r-devel-windows-x86_64