CRAN Package Check Results for Package semnova

Last updated on 2024-06-13 06:58:18 CEST.

Flavor Version Tinstall Tcheck Ttotal Status Flags
r-devel-linux-x86_64-debian-clang 0.1-6 5.04 49.58 54.62 OK
r-devel-linux-x86_64-debian-gcc 0.1-6 3.39 35.02 38.41 ERROR
r-devel-linux-x86_64-fedora-clang 0.1-6 68.15 OK
r-devel-linux-x86_64-fedora-gcc 0.1-6 77.42 OK
r-devel-windows-x86_64 0.1-6 5.00 56.00 61.00 OK
r-patched-linux-x86_64 0.1-6 3.25 46.59 49.84 OK
r-release-linux-x86_64 0.1-6 2.82 47.05 49.87 OK
r-release-macos-arm64 0.1-6 30.00 OK
r-release-macos-x86_64 0.1-6 43.00 OK
r-release-windows-x86_64 0.1-6 4.00 58.00 62.00 OK
r-oldrel-macos-arm64 0.1-6 29.00 OK
r-oldrel-macos-x86_64 0.1-6 40.00 OK
r-oldrel-windows-x86_64 0.1-6 5.00 73.00 78.00 OK

Check Details

Version: 0.1-6
Check: package dependencies
Result: NOTE Package suggested but not available for checking: ‘testthat’ Flavor: r-devel-linux-x86_64-debian-gcc

Version: 0.1-6
Check: tests
Result: ERROR Running ‘testthat.R’ [0s/1s] Running the tests in ‘tests/testthat.R’ failed. Complete output: > library(testthat) Error in library(testthat) : there is no package called 'testthat' Execution halted Flavor: r-devel-linux-x86_64-debian-gcc