CRAN Package Check Results for Package segmented

Last updated on 2022-08-08 00:54:19 CEST.

Flavor Version Tinstall Tcheck Ttotal Status Flags
r-devel-linux-x86_64-debian-clang 1.6-0 19.60 94.13 113.73 OK
r-devel-linux-x86_64-debian-gcc 1.6-0 12.56 68.39 80.95 OK
r-devel-linux-x86_64-fedora-clang 1.6-0 136.60 OK
r-devel-linux-x86_64-fedora-gcc 1.6-0 147.62 OK
r-devel-windows-x86_64 1.6-0 46.00 102.00 148.00 OK
r-patched-linux-x86_64 1.6-0 16.85 85.09 101.94 OK
r-release-linux-x86_64 1.6-0 17.38 0.02 17.40 FAIL
r-release-macos-arm64 1.6-0 29.00 OK
r-release-macos-x86_64 1.6-0 46.00 OK
r-release-windows-x86_64 1.6-0 51.00 103.00 154.00 OK
r-oldrel-macos-arm64 1.6-0 28.00 OK
r-oldrel-macos-x86_64 1.6-0 45.00 OK
r-oldrel-windows-ix86+x86_64 1.6-0 28.00 100.00 128.00 OK

Check Details

Version: 1.6-0
Check: package dependencies
Result: FAIL
Flavor: r-release-linux-x86_64