CRAN Package Check Results for Package seer

Last updated on 2022-08-17 12:55:26 CEST.

Flavor Version Tinstall Tcheck Ttotal Status Flags
r-devel-linux-x86_64-debian-clang 1.1.7 11.76 118.84 130.60 OK
r-devel-linux-x86_64-debian-gcc 1.1.7 OK
r-devel-linux-x86_64-fedora-clang 1.1.7 164.89 NOTE
r-devel-linux-x86_64-fedora-gcc 1.1.7 163.57 NOTE
r-devel-windows-x86_64 1.1.7 25.00 136.00 161.00 OK
r-patched-linux-x86_64 1.1.7 10.93 116.05 126.98 OK
r-release-linux-x86_64 1.1.7 6.25 112.77 119.02 OK
r-release-macos-arm64 1.1.7 42.00 NOTE
r-release-macos-x86_64 1.1.7 75.00 NOTE
r-release-windows-x86_64 1.1.7 25.00 140.00 165.00 OK
r-oldrel-macos-arm64 1.1.7 44.00 NOTE
r-oldrel-macos-x86_64 1.1.7 60.00 NOTE
r-oldrel-windows-ix86+x86_64 1.1.7 23.00 146.00 169.00 OK

Check Details

Version: 1.1.7
Check: dependencies in R code
Result: NOTE
    Namespace in Imports field not imported from: ‘MASS’
     All declared Imports should be used.
Flavors: r-devel-linux-x86_64-fedora-clang, r-devel-linux-x86_64-fedora-gcc, r-release-macos-arm64, r-release-macos-x86_64, r-oldrel-macos-arm64, r-oldrel-macos-x86_64