CRAN Package Check Results for Package seeclickfixr

Last updated on 2022-09-30 12:55:21 CEST.

Flavor Version Tinstall Tcheck Ttotal Status Flags
r-devel-linux-x86_64-debian-clang 1.1.0 2.31 25.06 27.37 NOTE
r-devel-linux-x86_64-debian-gcc 1.1.0 2.06 19.46 21.52 NOTE
r-devel-linux-x86_64-fedora-clang 1.1.0 46.56 NOTE
r-devel-linux-x86_64-fedora-gcc 1.1.0 43.97 NOTE
r-devel-windows-x86_64 1.1.0 18.00 51.00 69.00 NOTE
r-patched-linux-x86_64 1.1.0 1.84 24.58 26.42 NOTE
r-release-linux-x86_64 1.1.0 2.76 23.85 26.61 NOTE
r-release-macos-arm64 1.1.0 15.00 NOTE
r-release-macos-x86_64 1.1.0 22.00 NOTE
r-release-windows-x86_64 1.1.0 18.00 51.00 69.00 NOTE
r-oldrel-macos-arm64 1.1.0 21.00 NOTE
r-oldrel-macos-x86_64 1.1.0 28.00 NOTE
r-oldrel-windows-ix86+x86_64 1.1.0 5.00 48.00 53.00 NOTE

Check Details

Version: 1.1.0
Check: LazyData
Result: NOTE
     'LazyData' is specified without a 'data' directory
Flavors: r-devel-linux-x86_64-debian-clang, r-devel-linux-x86_64-debian-gcc, r-devel-linux-x86_64-fedora-clang, r-devel-linux-x86_64-fedora-gcc, r-devel-windows-x86_64, r-patched-linux-x86_64, r-release-linux-x86_64, r-release-macos-arm64, r-release-macos-x86_64, r-release-windows-x86_64, r-oldrel-macos-arm64, r-oldrel-macos-x86_64, r-oldrel-windows-ix86+x86_64