CRAN Package Check Results for Package see

Last updated on 2020-09-20 07:51:42 CEST.

Flavor Version Tinstall Tcheck Ttotal Status Flags
r-devel-linux-x86_64-debian-clang 0.6.0 11.21 98.41 109.62 OK
r-devel-linux-x86_64-debian-gcc 0.6.0 9.20 74.35 83.55 OK
r-devel-linux-x86_64-fedora-clang 0.6.0 143.72 OK
r-devel-linux-x86_64-fedora-gcc 0.6.0 145.82 OK
r-devel-windows-ix86+x86_64 0.6.0 24.00 115.00 139.00 OK
r-patched-linux-x86_64 0.6.0 10.95 94.84 105.79 NOTE
r-patched-solaris-x86 0.6.0 177.00 OK
r-release-linux-x86_64 0.6.0 12.13 95.69 107.82 OK
r-release-macos-x86_64 0.6.0 OK
r-release-windows-ix86+x86_64 0.6.0 26.00 145.00 171.00 OK
r-oldrel-macos-x86_64 0.6.0 OK
r-oldrel-windows-ix86+x86_64 0.6.0 15.00 104.00 119.00 OK

Check Details

Version: 0.6.0
Check: package dependencies
Result: NOTE
    Package suggested but not available for checking: ‘rstanarm’
Flavor: r-patched-linux-x86_64