CRAN Package Check Results for Package seasonal

Last updated on 2020-07-07 02:08:35 CEST.

Flavor Version Tinstall Tcheck Ttotal Status Flags
r-devel-linux-x86_64-debian-clang 1.7.1 5.23 53.40 58.63 OK
r-devel-linux-x86_64-debian-gcc 1.7.1 3.72 41.16 44.88 OK
r-devel-linux-x86_64-fedora-clang 1.7.1 80.42 NOTE
r-devel-linux-x86_64-fedora-gcc 1.7.1 72.49 OK
r-devel-windows-ix86+x86_64 1.7.1 10.00 89.00 99.00 OK
r-patched-linux-x86_64 1.7.1 5.72 53.25 58.97 OK
r-patched-solaris-x86 1.7.1 74.00 OK
r-release-linux-x86_64 1.7.1 5.34 53.47 58.81 OK
r-release-osx-x86_64 1.7.1 OK
r-release-windows-ix86+x86_64 1.7.1 12.00 90.00 102.00 OK
r-oldrel-osx-x86_64 1.7.1 OK
r-oldrel-windows-ix86+x86_64 1.7.1 10.00 120.00 130.00 OK

Check Details

Version: 1.7.1
Check: Rd cross-references
Result: NOTE
    Undeclared package ‘shiny’ in Rd xrefs
Flavor: r-devel-linux-x86_64-fedora-clang