CRAN Package Check Results for Package seagull

Last updated on 2020-05-27 07:51:07 CEST.

Flavor Version Tinstall Tcheck Ttotal Status Flags
r-devel-linux-x86_64-debian-clang 1.0.6 117.24 54.87 172.11 OK
r-devel-linux-x86_64-debian-gcc 1.0.6 93.45 39.60 133.05 OK
r-devel-linux-x86_64-fedora-clang 1.0.6 243.77 NOTE
r-devel-linux-x86_64-fedora-gcc 1.0.6 230.80 OK
r-devel-windows-ix86+x86_64 1.0.6 302.00 107.00 409.00 OK
r-patched-linux-x86_64 1.0.6 98.99 55.03 154.02 OK
r-patched-solaris-x86 1.0.6 238.60 OK
r-release-linux-x86_64 1.0.6 96.18 54.94 151.12 OK
r-release-osx-x86_64 1.0.6 OK
r-release-windows-ix86+x86_64 1.0.6 226.00 126.00 352.00 OK
r-oldrel-osx-x86_64 1.0.6 OK
r-oldrel-windows-ix86+x86_64 1.0.6 270.00 90.00 360.00 OK

Check Details

Version: 1.0.6
Check: installed package size
Result: NOTE
     installed size is 5.1Mb
     sub-directories of 1Mb or more:
     libs 4.5Mb
Flavor: r-devel-linux-x86_64-fedora-clang