CRAN Package Check Results for Package seagull

Last updated on 2022-09-25 12:56:08 CEST.

Flavor Version Tinstall Tcheck Ttotal Status Flags
r-devel-linux-x86_64-debian-clang 1.1.0 169.01 59.98 228.99 OK
r-devel-linux-x86_64-debian-gcc 1.1.0 148.50 45.84 194.34 OK
r-devel-linux-x86_64-fedora-clang 1.1.0 340.58 OK
r-devel-linux-x86_64-fedora-gcc 1.1.0 317.05 OK
r-devel-windows-x86_64 1.1.0 156.00 118.00 274.00 OK
r-patched-linux-x86_64 1.1.0 137.89 57.37 195.26 OK
r-release-linux-x86_64 1.1.0 151.33 57.99 209.32 OK
r-release-macos-arm64 1.1.0 78.00 NOTE
r-release-macos-x86_64 1.1.0 97.00 NOTE
r-release-windows-x86_64 1.1.0 131.00 113.00 244.00 OK
r-oldrel-macos-arm64 1.1.0 81.00 NOTE
r-oldrel-macos-x86_64 1.1.0 145.00 NOTE
r-oldrel-windows-ix86+x86_64 1.1.0 424.00 121.00 545.00 OK

Check Details

Version: 1.1.0
Check: installed package size
Result: NOTE
     installed size is 5.7Mb
     sub-directories of 1Mb or more:
     libs 5.0Mb
Flavors: r-release-macos-arm64, r-release-macos-x86_64, r-oldrel-macos-arm64, r-oldrel-macos-x86_64