Last updated on 2022-07-02 12:53:14 CEST.
Flavor | Version | Tinstall | Tcheck | Ttotal | Status | Flags |
---|---|---|---|---|---|---|
r-devel-linux-x86_64-debian-clang | 5.6.1 | 75.01 | 248.83 | 323.84 | OK | |
r-devel-linux-x86_64-debian-gcc | 5.6.1 | 60.17 | 163.43 | 223.60 | OK | |
r-devel-linux-x86_64-fedora-clang | 5.6.1 | 387.19 | OK | |||
r-devel-linux-x86_64-fedora-gcc | 5.6.1 | 354.56 | OK | |||
r-devel-windows-x86_64 | 5.6.1 | 194.00 | 292.00 | 486.00 | OK | |
r-patched-linux-x86_64 | 5.6.1 | 60.83 | 206.43 | 267.26 | OK | |
r-release-linux-x86_64 | 5.6.1 | 61.51 | 200.43 | 261.94 | OK | |
r-release-macos-arm64 | 5.6.1 | 93.00 | OK | |||
r-release-macos-x86_64 | 5.6.1 | 159.00 | OK | |||
r-release-windows-x86_64 | 5.6.1 | 154.00 | 290.00 | 444.00 | OK | |
r-oldrel-macos-arm64 | 5.6.1 | 80.00 | NOTE | |||
r-oldrel-macos-x86_64 | 5.6.1 | 121.00 | OK | |||
r-oldrel-windows-ix86+x86_64 | 5.6.1 | 171.00 | 365.00 | 536.00 | NOTE |
Version: 5.6.1
Check: installed package size
Result: NOTE
installed size is 5.2Mb
sub-directories of 1Mb or more:
libs 2.2Mb
Flavors: r-oldrel-macos-arm64, r-oldrel-windows-ix86+x86_64