CRAN Package Check Results for Package scrollrevealR

Last updated on 2022-10-06 21:50:06 CEST.

Flavor Version Tinstall Tcheck Ttotal Status Flags
r-devel-linux-x86_64-debian-clang 0.2.0 1.41 24.52 25.93 NOTE
r-devel-linux-x86_64-debian-gcc 0.2.0 1.44 18.56 20.00 NOTE
r-devel-linux-x86_64-fedora-clang 0.2.0 43.70 NOTE
r-devel-linux-x86_64-fedora-gcc 0.2.0 41.04 NOTE
r-devel-windows-x86_64 0.2.0 16.00 52.00 68.00 NOTE
r-patched-linux-x86_64 0.2.0 2.09 23.16 25.25 NOTE
r-release-linux-x86_64 0.2.0 1.69 22.44 24.13 NOTE
r-release-macos-arm64 0.2.0 16.00 NOTE
r-release-macos-x86_64 0.2.0 22.00 NOTE
r-release-windows-x86_64 0.2.0 21.00 56.00 77.00 NOTE
r-oldrel-macos-arm64 0.2.0 21.00 NOTE
r-oldrel-macos-x86_64 0.2.0 25.00 NOTE
r-oldrel-windows-ix86+x86_64 0.2.0 6.00 47.00 53.00 NOTE

Check Details

Version: 0.2.0
Check: LazyData
Result: NOTE
     'LazyData' is specified without a 'data' directory
Flavors: r-devel-linux-x86_64-debian-clang, r-devel-linux-x86_64-debian-gcc, r-devel-linux-x86_64-fedora-clang, r-devel-linux-x86_64-fedora-gcc, r-devel-windows-x86_64, r-patched-linux-x86_64, r-release-linux-x86_64, r-release-macos-arm64, r-release-macos-x86_64, r-release-windows-x86_64, r-oldrel-macos-arm64, r-oldrel-macos-x86_64, r-oldrel-windows-ix86+x86_64