CRAN Package Check Results for Package scrm

Last updated on 2022-11-26 05:52:00 CET.

Flavor Version Tinstall Tcheck Ttotal Status Flags
r-devel-linux-x86_64-debian-clang 1.7.4-0 125.51 41.00 166.51 OK
r-devel-linux-x86_64-debian-gcc 1.7.4-0 96.26 32.34 128.60 OK
r-devel-linux-x86_64-fedora-clang 1.7.4-0 291.33 OK
r-devel-linux-x86_64-fedora-gcc 1.7.4-0 232.26 OK
r-devel-windows-x86_64 1.7.4-0 106.00 96.00 202.00 OK
r-patched-linux-x86_64 1.7.4-0 OK
r-release-linux-x86_64 1.7.4-0 115.78 39.04 154.82 OK
r-release-macos-arm64 1.7.4-0 53.00 OK
r-release-macos-x86_64 1.7.4-0 78.00 OK
r-release-windows-x86_64 1.7.4-0 106.00 98.00 204.00 OK
r-oldrel-macos-arm64 1.7.4-0 54.00 NOTE
r-oldrel-macos-x86_64 1.7.4-0 74.00 OK
r-oldrel-windows-ix86+x86_64 1.7.4-0 314.00 100.00 414.00 OK

Check Details

Version: 1.7.4-0
Check: installed package size
Result: NOTE
     installed size is 5.3Mb
     sub-directories of 1Mb or more:
     libs 5.2Mb
Flavor: r-oldrel-macos-arm64