CRAN Package Check Results for Package scrime

Last updated on 2020-10-26 13:47:09 CET.

Flavor Version Tinstall Tcheck Ttotal Status Flags
r-devel-linux-x86_64-debian-clang 1.3.5 6.95 55.79 62.74 OK
r-devel-linux-x86_64-debian-gcc 1.3.5 5.81 41.95 47.76 OK
r-devel-linux-x86_64-fedora-clang 1.3.5 82.52 OK
r-devel-linux-x86_64-fedora-gcc 1.3.5 72.67 OK
r-devel-windows-ix86+x86_64 1.3.5 11.00 72.00 83.00 OK
r-patched-linux-x86_64 1.3.5 6.07 51.57 57.64 OK
r-patched-solaris-x86 1.3.5 95.70 OK
r-release-linux-x86_64 1.3.5 6.12 51.96 58.08 OK
r-release-macos-x86_64 1.3.5 OK
r-release-windows-ix86+x86_64 1.3.5 10.00 50.00 60.00 OK
r-oldrel-macos-x86_64 1.3.5 NOTE
r-oldrel-windows-ix86+x86_64 1.3.5 10.00 49.00 59.00 OK

Check Details

Version: 1.3.5
Check: package dependencies
Result: NOTE
    Package suggested but not available for checking: ‘oligoClasses’
Flavor: r-oldrel-macos-x86_64