CRAN Package Check Results for Package scrime

Last updated on 2022-09-29 00:53:00 CEST.

Flavor Version Tinstall Tcheck Ttotal Status Flags
r-devel-linux-x86_64-debian-clang 1.3.5 6.80 63.70 70.50 NOTE
r-devel-linux-x86_64-debian-gcc 1.3.5 5.03 47.12 52.15 NOTE
r-devel-linux-x86_64-fedora-clang 1.3.5 98.01 NOTE
r-devel-linux-x86_64-fedora-gcc 1.3.5 93.60 NOTE
r-devel-windows-x86_64 1.3.5 30.00 93.00 123.00 NOTE
r-patched-linux-x86_64 1.3.5 8.38 60.26 68.64 OK
r-release-linux-x86_64 1.3.5 6.40 59.41 65.81 OK
r-release-macos-arm64 1.3.5 21.00 NOTE
r-release-macos-x86_64 1.3.5 35.00 OK
r-release-windows-x86_64 1.3.5 15.00 95.00 110.00 OK
r-oldrel-macos-arm64 1.3.5 25.00 NOTE
r-oldrel-macos-x86_64 1.3.5 49.00 OK
r-oldrel-windows-ix86+x86_64 1.3.5 12.00 83.00 95.00 OK

Check Details

Version: 1.3.5
Check: Rd files
Result: NOTE
    checkRd: (-1) simulateSNPs.Rd:46: Escaped LaTeX specials: \& \& \&
    checkRd: (-1) simulateSNPs.Rd:80: Escaped LaTeX specials: \& \& \&
Flavors: r-devel-linux-x86_64-debian-clang, r-devel-linux-x86_64-debian-gcc, r-devel-linux-x86_64-fedora-clang, r-devel-linux-x86_64-fedora-gcc, r-devel-windows-x86_64

Version: 1.3.5
Check: package dependencies
Result: NOTE
    Package suggested but not available for checking: ‘oligoClasses’
Flavors: r-release-macos-arm64, r-oldrel-macos-arm64