CRAN Package Check Results for Package scrime

Last updated on 2023-10-03 13:07:45 CEST.

Flavor Version Tinstall Tcheck Ttotal Status Flags
r-devel-linux-x86_64-debian-clang 1.3.5 8.63 61.25 69.88 NOTE
r-devel-linux-x86_64-debian-gcc 1.3.5 5.13 46.80 51.93 NOTE
r-devel-linux-x86_64-fedora-clang 1.3.5 84.98 NOTE
r-devel-linux-x86_64-fedora-gcc 1.3.5 83.05 NOTE
r-devel-windows-x86_64 1.3.5 6.00 70.00 76.00 NOTE
r-patched-linux-x86_64 1.3.5 8.05 61.23 69.28 NOTE
r-release-linux-x86_64 1.3.5 6.01 60.92 66.93 NOTE
r-release-macos-arm64 1.3.5 24.00 NOTE
r-release-macos-x86_64 1.3.5 35.00 NOTE
r-release-windows-x86_64 1.3.5 8.00 73.00 81.00 NOTE
r-oldrel-macos-arm64 1.3.5 27.00 NOTE
r-oldrel-macos-x86_64 1.3.5 35.00 OK
r-oldrel-windows-x86_64 1.3.5 10.00 80.00 90.00 OK

Check Details

Version: 1.3.5
Check: Rd files
Result: NOTE
    checkRd: (-1) simulateSNPs.Rd:46: Escaped LaTeX specials: \& \& \&
    checkRd: (-1) simulateSNPs.Rd:80: Escaped LaTeX specials: \& \& \&
Flavors: r-devel-linux-x86_64-debian-clang, r-devel-linux-x86_64-debian-gcc, r-devel-linux-x86_64-fedora-clang, r-devel-linux-x86_64-fedora-gcc, r-devel-windows-x86_64, r-patched-linux-x86_64, r-release-linux-x86_64, r-release-macos-arm64, r-release-macos-x86_64, r-release-windows-x86_64

Version: 1.3.5
Check: package dependencies
Result: NOTE
    Package suggested but not available for checking: ‘oligoClasses’
Flavors: r-release-macos-arm64, r-release-macos-x86_64, r-oldrel-macos-arm64