CRAN Package Check Results for Package scoringRules

Last updated on 2022-10-06 12:55:37 CEST.

Flavor Version Tinstall Tcheck Ttotal Status Flags
r-devel-linux-x86_64-debian-clang 1.0.2 71.52 294.45 365.97 OK
r-devel-linux-x86_64-debian-gcc 1.0.2 54.43 214.82 269.25 OK
r-devel-linux-x86_64-fedora-clang 1.0.2 480.63 OK
r-devel-linux-x86_64-fedora-gcc 1.0.2 502.65 OK
r-devel-windows-x86_64 1.0.2 165.00 438.00 603.00 OK
r-patched-linux-x86_64 1.0.2 61.25 287.83 349.08 OK
r-release-linux-x86_64 1.0.2 60.53 296.70 357.23 OK
r-release-macos-arm64 1.0.2 149.00 NOTE
r-release-macos-x86_64 1.0.2 161.00 NOTE
r-release-windows-x86_64 1.0.2 169.00 441.00 610.00 OK
r-oldrel-macos-arm64 1.0.2 138.00 NOTE
r-oldrel-macos-x86_64 1.0.2 159.00 NOTE
r-oldrel-windows-ix86+x86_64 1.0.2 156.00 446.00 602.00 OK

Check Details

Version: 1.0.2
Check: installed package size
Result: NOTE
     installed size is 5.7Mb
     sub-directories of 1Mb or more:
     libs 3.9Mb
Flavors: r-release-macos-arm64, r-release-macos-x86_64, r-oldrel-macos-arm64, r-oldrel-macos-x86_64