Last updated on 2022-06-26 00:51:48 CEST.
Flavor | Version | Tinstall | Tcheck | Ttotal | Status | Flags |
---|---|---|---|---|---|---|
r-devel-linux-x86_64-debian-clang | 0.0.1.0 | 13.75 | 117.79 | 131.54 | NOTE | |
r-devel-linux-x86_64-debian-gcc | 0.0.1.0 | 11.16 | 88.13 | 99.29 | NOTE | |
r-devel-linux-x86_64-fedora-clang | 0.0.1.0 | 166.05 | NOTE | |||
r-devel-linux-x86_64-fedora-gcc | 0.0.1.0 | 163.38 | NOTE | |||
r-devel-windows-x86_64 | 0.0.1.0 | 182.00 | 141.00 | 323.00 | NOTE | |
r-patched-linux-x86_64 | 0.0.1.0 | 14.16 | 113.98 | 128.14 | NOTE | |
r-release-linux-x86_64 | 0.0.1.0 | 10.57 | 111.52 | 122.09 | NOTE | |
r-release-macos-arm64 | 0.0.1.0 | 43.00 | NOTE | |||
r-release-macos-x86_64 | 0.0.1.0 | 79.00 | NOTE | |||
r-release-windows-x86_64 | 0.0.1.0 | 137.00 | 141.00 | 278.00 | NOTE | |
r-oldrel-macos-arm64 | 0.0.1.0 | 59.00 | NOTE | |||
r-oldrel-macos-x86_64 | 0.0.1.0 | 96.00 | NOTE | |||
r-oldrel-windows-ix86+x86_64 | 0.0.1.0 | 33.00 | 142.00 | 175.00 | NOTE |
Version: 0.0.1.0
Check: LazyData
Result: NOTE
'LazyData' is specified without a 'data' directory
Flavors: r-devel-linux-x86_64-debian-clang, r-devel-linux-x86_64-debian-gcc, r-devel-linux-x86_64-fedora-clang, r-devel-linux-x86_64-fedora-gcc, r-devel-windows-x86_64, r-patched-linux-x86_64, r-release-linux-x86_64, r-release-macos-arm64, r-release-macos-x86_64, r-release-windows-x86_64, r-oldrel-macos-arm64, r-oldrel-macos-x86_64, r-oldrel-windows-ix86+x86_64