CRAN Package Check Results for Package scatterD3

Last updated on 2024-05-25 12:48:13 CEST.

Flavor Version Tinstall Tcheck Ttotal Status Flags
r-devel-linux-x86_64-debian-clang 1.0.1 3.50 39.29 42.79 NOTE
r-devel-linux-x86_64-debian-gcc 1.0.1 2.52 30.39 32.91 NOTE
r-devel-linux-x86_64-fedora-clang 1.0.1 55.94 NOTE
r-devel-linux-x86_64-fedora-gcc 1.0.1 64.04 NOTE
r-devel-windows-x86_64 1.0.1 4.00 51.00 55.00 NOTE
r-patched-linux-x86_64 1.0.1 3.50 36.98 40.48 NOTE
r-release-linux-x86_64 1.0.1 3.31 37.79 41.10 NOTE
r-release-macos-arm64 1.0.1 24.00 NOTE
r-release-windows-x86_64 1.0.1 4.00 52.00 56.00 NOTE
r-oldrel-macos-arm64 1.0.1 27.00 OK
r-oldrel-macos-x86_64 1.0.1 38.00 OK
r-oldrel-windows-x86_64 1.0.1 5.00 55.00 60.00 OK

Check Details

Version: 1.0.1
Check: Rd files
Result: NOTE checkRd: (-1) scatterD3.Rd:209: Lost braces; missing escapes or markup? 209 | {https://github.com/skokenes/D3-Lasso-Plugin}{d3-lasso-plugin} feature} | ^ checkRd: (-1) scatterD3.Rd:209: Lost braces 209 | {https://github.com/skokenes/D3-Lasso-Plugin}{d3-lasso-plugin} feature} | ^ Flavors: r-devel-linux-x86_64-debian-clang, r-devel-linux-x86_64-debian-gcc, r-devel-linux-x86_64-fedora-clang, r-devel-linux-x86_64-fedora-gcc, r-devel-windows-x86_64, r-patched-linux-x86_64, r-release-linux-x86_64, r-release-macos-arm64, r-release-windows-x86_64