CRAN Package Check Results for Package scanstatistics

Last updated on 2024-06-15 18:57:59 CEST.

Flavor Version Tinstall Tcheck Ttotal Status Flags
r-devel-linux-x86_64-debian-clang 1.1.1 143.09 125.21 268.30 NOTE
r-devel-linux-x86_64-debian-gcc 1.1.1 102.22 91.36 193.58 NOTE
r-devel-linux-x86_64-fedora-clang 1.1.1 390.53 NOTE
r-devel-linux-x86_64-fedora-gcc 1.1.1 405.77 NOTE
r-devel-windows-x86_64 1.1.1 113.00 126.00 239.00 NOTE
r-patched-linux-x86_64 1.1.1 131.04 119.00 250.04 NOTE
r-release-linux-x86_64 1.1.1 94.54 118.47 213.01 NOTE
r-release-macos-arm64 1.1.1 83.00 NOTE
r-release-macos-x86_64 1.1.1 107.00 NOTE
r-release-windows-x86_64 1.1.1 121.00 125.00 246.00 NOTE
r-oldrel-macos-arm64 1.1.1 99.00 NOTE
r-oldrel-macos-x86_64 1.1.1 167.00 NOTE
r-oldrel-windows-x86_64 1.1.1 144.00 157.00 301.00 NOTE

Check Details

Version: 1.1.1
Check: C++ specification
Result: NOTE Specified C++11: please drop specification unless essential Flavors: r-devel-linux-x86_64-debian-clang, r-devel-linux-x86_64-debian-gcc, r-devel-linux-x86_64-fedora-clang, r-devel-linux-x86_64-fedora-gcc, r-devel-windows-x86_64, r-patched-linux-x86_64, r-release-linux-x86_64, r-release-macos-arm64, r-release-macos-x86_64, r-release-windows-x86_64, r-oldrel-macos-arm64, r-oldrel-macos-x86_64, r-oldrel-windows-x86_64