Last updated on 2022-06-25 07:03:24 CEST.
Flavor | Version | Tinstall | Tcheck | Ttotal | Status | Flags |
---|---|---|---|---|---|---|
r-devel-linux-x86_64-debian-clang | 0.54.1 | 19.58 | 156.01 | 175.59 | OK | |
r-devel-linux-x86_64-debian-gcc | 0.54.1 | 17.60 | 117.29 | 134.89 | OK | |
r-devel-linux-x86_64-fedora-clang | 0.54.1 | 222.94 | NOTE | |||
r-devel-linux-x86_64-fedora-gcc | 0.54.1 | 223.14 | NOTE | |||
r-devel-windows-x86_64 | 0.54.1 | 52.00 | 183.00 | 235.00 | OK | |
r-patched-linux-x86_64 | 0.54.1 | 27.95 | 149.61 | 177.56 | OK | |
r-release-linux-x86_64 | 0.54.1 | 18.81 | 150.38 | 169.19 | OK | |
r-release-macos-arm64 | 0.54.1 | 59.00 | NOTE | |||
r-release-macos-x86_64 | 0.54.1 | 94.00 | NOTE | |||
r-release-windows-x86_64 | 0.54.1 | 48.00 | 185.00 | 233.00 | OK | |
r-oldrel-macos-arm64 | 0.54.1 | 57.00 | NOTE | |||
r-oldrel-macos-x86_64 | 0.54.1 | 70.00 | NOTE | |||
r-oldrel-windows-ix86+x86_64 | 0.54.1 | 41.00 | 174.00 | 215.00 | OK |
Version: 0.54.1
Check: dependencies in R code
Result: NOTE
Namespace in Imports field not imported from: ‘methods’
All declared Imports should be used.
Flavors: r-devel-linux-x86_64-fedora-clang, r-devel-linux-x86_64-fedora-gcc, r-release-macos-arm64, r-release-macos-x86_64, r-oldrel-macos-arm64, r-oldrel-macos-x86_64
Version: 0.54.1
Check: data for non-ASCII characters
Result: NOTE
Note: found 1 marked UTF-8 string
Flavors: r-devel-linux-x86_64-fedora-clang, r-devel-linux-x86_64-fedora-gcc, r-release-macos-arm64, r-release-macos-x86_64, r-oldrel-macos-arm64, r-oldrel-macos-x86_64