CRAN Package Check Results for Package scan

Last updated on 2025-01-24 21:48:38 CET.

Flavor Version Tinstall Tcheck Ttotal Status Flags
r-devel-linux-x86_64-debian-clang 0.61.0 15.96 104.66 120.62 NOTE
r-devel-linux-x86_64-debian-gcc 0.61.0 8.86 68.78 77.64 NOTE
r-devel-linux-x86_64-fedora-clang 0.61.0 191.65 OK
r-devel-linux-x86_64-fedora-gcc 0.61.0 173.91 OK
r-devel-windows-x86_64 0.61.0 18.00 118.00 136.00 OK
r-patched-linux-x86_64 0.61.0 17.42 97.78 115.20 OK
r-release-linux-x86_64 0.61.0 14.88 96.41 111.29 OK
r-release-macos-arm64 0.61.0 53.00 OK
r-release-macos-x86_64 0.61.0 141.00 OK
r-release-windows-x86_64 0.61.0 16.00 119.00 135.00 OK
r-oldrel-macos-arm64 0.61.0 68.00 OK
r-oldrel-macos-x86_64 0.61.0 101.00 OK
r-oldrel-windows-x86_64 0.61.0 20.00 145.00 165.00 OK

Check Details

Version: 0.61.0
Check: DESCRIPTION meta-information
Result: NOTE Missing dependency on R >= 4.1.0 because package code uses the pipe |> or function shorthand \(...) syntax added in R 4.1.0. File(s) using such syntax: ‘export.R’ ‘export.sc_hplm.R’ ‘export.sc_overlap.R’ ‘export.sc_smd.R’ ‘export.sc_tauu.R’ ‘pand.R’ ‘privat-rename_phase_duplicates.R’ ‘scdf.R’ Flavors: r-devel-linux-x86_64-debian-clang, r-devel-linux-x86_64-debian-gcc