CRAN Package Check Results for Package scaleboot

Last updated on 2023-09-29 12:57:09 CEST.

Flavor Version Tinstall Tcheck Ttotal Status Flags
r-devel-linux-x86_64-debian-clang 1.0-1 7.26 105.45 112.71 OK
r-devel-linux-x86_64-debian-gcc 1.0-1 7.04 76.40 83.44 OK
r-devel-linux-x86_64-fedora-clang 1.0-1 140.90 NOTE
r-devel-linux-x86_64-fedora-gcc 1.0-1 145.84 NOTE
r-devel-windows-x86_64 1.0-1 8.00 102.00 110.00 OK
r-patched-linux-x86_64 1.0-1 8.31 103.16 111.47 OK
r-release-linux-x86_64 1.0-1 10.59 105.18 115.77 OK
r-release-macos-arm64 1.0-1 53.00 OK
r-release-macos-x86_64 1.0-1 93.00 OK
r-release-windows-x86_64 1.0-1 8.00 114.00 122.00 OK
r-oldrel-macos-arm64 1.0-1 47.00 OK
r-oldrel-macos-x86_64 1.0-1 64.00 NOTE
r-oldrel-windows-x86_64 1.0-1 11.00 114.00 125.00 OK

Check Details

Version: 1.0-1
Check: dependencies in R code
Result: NOTE
    Namespace in Imports field not imported from: ‘pvclust’
     All declared Imports should be used.
Flavors: r-devel-linux-x86_64-fedora-clang, r-devel-linux-x86_64-fedora-gcc, r-oldrel-macos-x86_64