CRAN Package Check Results for Package scaleboot

Last updated on 2022-12-04 06:49:29 CET.

Flavor Version Tinstall Tcheck Ttotal Status Flags
r-devel-linux-x86_64-debian-clang 1.0-1 10.75 109.78 120.53 OK
r-devel-linux-x86_64-debian-gcc 1.0-1 6.43 76.74 83.17 OK
r-devel-linux-x86_64-fedora-clang 1.0-1 152.28 NOTE
r-devel-linux-x86_64-fedora-gcc 1.0-1 149.41 NOTE
r-devel-windows-x86_64 1.0-1 44.00 134.00 178.00 OK
r-patched-linux-x86_64 1.0-1 8.62 99.42 108.04 OK
r-release-linux-x86_64 1.0-1 6.95 103.61 110.56 OK
r-release-macos-arm64 1.0-1 43.00 NOTE
r-release-macos-x86_64 1.0-1 64.00 NOTE
r-release-windows-x86_64 1.0-1 34.00 138.00 172.00 OK
r-oldrel-macos-arm64 1.0-1 52.00 NOTE
r-oldrel-macos-x86_64 1.0-1 105.00 NOTE
r-oldrel-windows-ix86+x86_64 1.0-1 15.00 127.00 142.00 OK

Check Details

Version: 1.0-1
Check: dependencies in R code
Result: NOTE
    Namespace in Imports field not imported from: ‘pvclust’
     All declared Imports should be used.
Flavors: r-devel-linux-x86_64-fedora-clang, r-devel-linux-x86_64-fedora-gcc, r-release-macos-arm64, r-release-macos-x86_64, r-oldrel-macos-arm64, r-oldrel-macos-x86_64