CRAN Package Check Results for Package scaffolder

Last updated on 2023-02-01 00:52:48 CET.

Flavor Version Tinstall Tcheck Ttotal Status Flags
r-devel-linux-x86_64-debian-clang 0.0.1 9.26 74.02 83.28 NOTE
r-devel-linux-x86_64-debian-gcc 0.0.1 6.95 57.22 64.17 NOTE
r-devel-linux-x86_64-fedora-clang 0.0.1 104.29 NOTE
r-devel-linux-x86_64-fedora-gcc 0.0.1 121.37 NOTE
r-devel-windows-x86_64 0.0.1 20.00 98.00 118.00 NOTE
r-patched-linux-x86_64 0.0.1 9.79 72.88 82.67 NOTE
r-release-linux-x86_64 0.0.1 6.25 73.31 79.56 NOTE
r-release-macos-arm64 0.0.1 31.00 NOTE
r-release-macos-x86_64 0.0.1 45.00 NOTE
r-release-windows-x86_64 0.0.1 21.00 108.00 129.00 NOTE
r-oldrel-macos-arm64 0.0.1 39.00 NOTE
r-oldrel-macos-x86_64 0.0.1 63.00 NOTE
r-oldrel-windows-ix86+x86_64 0.0.1 20.00 99.00 119.00 NOTE

Additional issues

donttest

Check Details

Version: 0.0.1
Check: LazyData
Result: NOTE
     'LazyData' is specified without a 'data' directory
Flavors: r-devel-linux-x86_64-debian-clang, r-devel-linux-x86_64-debian-gcc, r-devel-linux-x86_64-fedora-clang, r-devel-linux-x86_64-fedora-gcc, r-devel-windows-x86_64, r-patched-linux-x86_64, r-release-linux-x86_64, r-release-macos-arm64, r-release-macos-x86_64, r-release-windows-x86_64, r-oldrel-macos-arm64, r-oldrel-macos-x86_64, r-oldrel-windows-ix86+x86_64