CRAN Package Check Results for Package scLink

Last updated on 2023-02-08 18:51:32 CET.

Flavor Version Tinstall Tcheck Ttotal Status Flags
r-devel-linux-x86_64-debian-clang 1.0.1 2.12 48.06 50.18 NOTE
r-devel-linux-x86_64-debian-gcc 1.0.1 2.25 37.68 39.93 NOTE
r-devel-linux-x86_64-fedora-clang 1.0.1 63.41 NOTE
r-devel-linux-x86_64-fedora-gcc 1.0.1 72.95 NOTE
r-devel-windows-x86_64 1.0.1 15.00 84.00 99.00 NOTE
r-patched-linux-x86_64 1.0.1 2.50 48.84 51.34 NOTE
r-release-linux-x86_64 1.0.1 2.31 49.96 52.27 NOTE
r-release-macos-arm64 1.0.1 26.00 NOTE
r-release-macos-x86_64 1.0.1 38.00 NOTE
r-release-windows-x86_64 1.0.1 17.00 89.00 106.00 NOTE
r-oldrel-macos-arm64 1.0.1 31.00 NOTE
r-oldrel-macos-x86_64 1.0.1 52.00 NOTE
r-oldrel-windows-ix86+x86_64 1.0.1 7.00 80.00 87.00 NOTE

Check Details

Version: 1.0.1
Check: LazyData
Result: NOTE
     'LazyData' is specified without a 'data' directory
Flavors: r-devel-linux-x86_64-debian-clang, r-devel-linux-x86_64-debian-gcc, r-devel-linux-x86_64-fedora-clang, r-devel-linux-x86_64-fedora-gcc, r-devel-windows-x86_64, r-patched-linux-x86_64, r-release-linux-x86_64, r-release-macos-arm64, r-release-macos-x86_64, r-release-windows-x86_64, r-oldrel-macos-arm64, r-oldrel-macos-x86_64, r-oldrel-windows-ix86+x86_64