Last updated on 2022-08-17 06:51:28 CEST.
Flavor | Version | Tinstall | Tcheck | Ttotal | Status | Flags |
---|---|---|---|---|---|---|
r-devel-linux-x86_64-debian-clang | 1.1.3 | 10.02 | 135.76 | 145.78 | OK | |
r-devel-linux-x86_64-debian-gcc | 1.1.3 | OK | ||||
r-devel-linux-x86_64-fedora-clang | 1.1.3 | 176.95 | NOTE | |||
r-devel-linux-x86_64-fedora-gcc | 1.1.3 | 178.46 | NOTE | |||
r-devel-windows-x86_64 | 1.1.3 | 65.00 | 150.00 | 215.00 | OK | |
r-patched-linux-x86_64 | 1.1.3 | 9.04 | 120.73 | 129.77 | OK | |
r-release-linux-x86_64 | 1.1.3 | 10.71 | 122.84 | 133.55 | OK | |
r-release-macos-arm64 | 1.1.3 | 79.00 | NOTE | |||
r-release-macos-x86_64 | 1.1.3 | 122.00 | NOTE | |||
r-release-windows-x86_64 | 1.1.3 | 16.00 | 163.00 | 179.00 | OK | |
r-oldrel-macos-arm64 | 1.1.3 | 78.00 | NOTE | |||
r-oldrel-macos-x86_64 | 1.1.3 | 97.00 | NOTE | |||
r-oldrel-windows-ix86+x86_64 | 1.1.3 | 24.00 | 147.00 | 171.00 | OK |
Version: 1.1.3
Check: dependencies in R code
Result: NOTE
Namespaces in Imports field not imported from:
‘BiocStyle’ ‘cowplot’ ‘easypackages’ ‘plyr’ ‘readr’ ‘stringr’
‘tidyverse’
All declared Imports should be used.
Flavors: r-devel-linux-x86_64-fedora-clang, r-devel-linux-x86_64-fedora-gcc, r-release-macos-arm64, r-release-macos-x86_64, r-oldrel-macos-arm64, r-oldrel-macos-x86_64