CRAN Package Check Results for Package sbmSDP

Last updated on 2023-10-03 13:07:44 CEST.

Flavor Version Tinstall Tcheck Ttotal Status Flags
r-devel-linux-x86_64-debian-clang 0.2 34.06 33.12 67.18 OK
r-devel-linux-x86_64-debian-gcc 0.2 26.06 25.74 51.80 OK
r-devel-linux-x86_64-fedora-clang 0.2 95.09 NOTE
r-devel-linux-x86_64-fedora-gcc 0.2 95.65 NOTE
r-devel-windows-x86_64 0.2 28.00 64.00 92.00 OK
r-patched-linux-x86_64 0.2 29.45 32.65 62.10 OK
r-release-linux-x86_64 0.2 32.58 32.63 65.21 OK
r-release-macos-arm64 0.2 29.00 OK
r-release-macos-x86_64 0.2 43.00 OK
r-release-windows-x86_64 0.2 37.00 70.00 107.00 OK
r-oldrel-macos-arm64 0.2 31.00 OK
r-oldrel-macos-x86_64 0.2 36.00 OK
r-oldrel-windows-x86_64 0.2 34.00 78.00 112.00 OK

Check Details

Version: 0.2
Check: compiled code
Result: NOTE
    File ‘sbmSDP/libs/sbmSDP.so’:
     Found no calls to: ‘R_registerRoutines’, ‘R_useDynamicSymbols’
    
    It is good practice to register native routines and to disable symbol
    search.
    
    See ‘Writing portable packages’ in the ‘Writing R Extensions’ manual.
Flavors: r-devel-linux-x86_64-fedora-clang, r-devel-linux-x86_64-fedora-gcc