CRAN Package Check Results for Package sbmSDP

Last updated on 2022-10-05 00:52:53 CEST.

Flavor Version Tinstall Tcheck Ttotal Status Flags
r-devel-linux-x86_64-debian-clang 0.2 37.59 34.46 72.05 OK
r-devel-linux-x86_64-debian-gcc 0.2 26.94 26.36 53.30 OK
r-devel-linux-x86_64-fedora-clang 0.2 104.47 NOTE
r-devel-linux-x86_64-fedora-gcc 0.2 95.50 NOTE
r-devel-windows-x86_64 0.2 29.00 78.00 107.00 OK
r-patched-linux-x86_64 0.2 30.85 34.10 64.95 OK
r-release-linux-x86_64 0.2 29.75 33.82 63.57 OK
r-release-macos-arm64 0.2 28.00 OK
r-release-macos-x86_64 0.2 36.00 OK
r-release-windows-x86_64 0.2 35.00 84.00 119.00 OK
r-oldrel-macos-arm64 0.2 30.00 OK
r-oldrel-macos-x86_64 0.2 52.00 OK
r-oldrel-windows-ix86+x86_64 0.2 83.00 90.00 173.00 OK

Check Details

Version: 0.2
Check: compiled code
Result: NOTE
    File ‘sbmSDP/libs/sbmSDP.so’:
     Found no calls to: ‘R_registerRoutines’, ‘R_useDynamicSymbols’
    
    It is good practice to register native routines and to disable symbol
    search.
    
    See ‘Writing portable packages’ in the ‘Writing R Extensions’ manual.
Flavors: r-devel-linux-x86_64-fedora-clang, r-devel-linux-x86_64-fedora-gcc