CRAN Package Check Results for Package sapevom

Last updated on 2023-02-08 18:51:32 CET.

Flavor Version Tinstall Tcheck Ttotal Status Flags
r-devel-linux-x86_64-debian-clang 0.2.0 1.68 24.31 25.99 NOTE
r-devel-linux-x86_64-debian-gcc 0.2.0 1.61 18.86 20.47 NOTE
r-devel-linux-x86_64-fedora-clang 0.2.0 32.84 NOTE
r-devel-linux-x86_64-fedora-gcc 0.2.0 42.67 NOTE
r-devel-windows-x86_64 0.2.0 11.00 57.00 68.00 NOTE
r-patched-linux-x86_64 0.2.0 1.76 24.56 26.32 NOTE
r-release-linux-x86_64 0.2.0 1.75 23.69 25.44 NOTE
r-release-macos-arm64 0.2.0 14.00 NOTE
r-release-macos-x86_64 0.2.0 21.00 NOTE
r-release-windows-x86_64 0.2.0 14.00 55.00 69.00 NOTE
r-oldrel-macos-arm64 0.2.0 17.00 NOTE
r-oldrel-macos-x86_64 0.2.0 26.00 NOTE
r-oldrel-windows-ix86+x86_64 0.2.0 5.00 48.00 53.00 NOTE

Check Details

Version: 0.2.0
Check: LazyData
Result: NOTE
     'LazyData' is specified without a 'data' directory
Flavors: r-devel-linux-x86_64-debian-clang, r-devel-linux-x86_64-debian-gcc, r-devel-linux-x86_64-fedora-clang, r-devel-linux-x86_64-fedora-gcc, r-devel-windows-x86_64, r-patched-linux-x86_64, r-release-linux-x86_64, r-release-macos-arm64, r-release-macos-x86_64, r-release-windows-x86_64, r-oldrel-macos-arm64, r-oldrel-macos-x86_64, r-oldrel-windows-ix86+x86_64