CRAN Package Check Results for Package samr

Last updated on 2022-08-12 00:49:58 CEST.

Flavor Version Tinstall Tcheck Ttotal Status Flags
r-devel-linux-x86_64-debian-clang 3.0 11.85 103.38 115.23 NOTE
r-devel-linux-x86_64-debian-gcc 3.0 8.69 75.66 84.35 NOTE
r-devel-linux-x86_64-fedora-clang 3.0 143.47 NOTE
r-devel-linux-x86_64-fedora-gcc 3.0 142.57 NOTE
r-devel-windows-x86_64 3.0 29.00 124.00 153.00 NOTE
r-patched-linux-x86_64 3.0 10.90 98.01 108.91 OK
r-release-linux-x86_64 3.0 10.04 99.06 109.10 OK
r-release-macos-arm64 3.0 44.00 OK
r-release-macos-x86_64 3.0 77.00 OK
r-release-windows-x86_64 3.0 26.00 129.00 155.00 OK
r-oldrel-macos-arm64 3.0 50.00 OK
r-oldrel-macos-x86_64 3.0 62.00 OK
r-oldrel-windows-ix86+x86_64 3.0 25.00 183.00 208.00 OK

Check Details

Version: 3.0
Check: Rd files
Result: NOTE
    checkRd: (-1) SAM.Rd:67: Escaped LaTeX specials: \$
    checkRd: (-1) samr.Rd:59: Escaped LaTeX specials: \$
    checkRd: (-1) samr.Rd:84: Escaped LaTeX specials: \# \$
    checkRd: (-1) samr.Rd:88: Escaped LaTeX specials: \$
    checkRd: (-1) samr.Rd:92: Escaped LaTeX specials: \$
    checkRd: (-1) samr.Rd:97: Escaped LaTeX specials: \#
    checkRd: (-1) samr.assess.samplesize.plot.Rd:12: Escaped LaTeX specials: \#
Flavors: r-devel-linux-x86_64-debian-clang, r-devel-linux-x86_64-debian-gcc, r-devel-linux-x86_64-fedora-clang, r-devel-linux-x86_64-fedora-gcc, r-devel-windows-x86_64