CRAN Package Check Results for Package safer

Last updated on 2022-11-27 06:53:07 CET.

Flavor Version Tinstall Tcheck Ttotal Status Flags
r-devel-linux-x86_64-debian-clang 0.2.1 1.79 23.57 25.36 NOTE
r-devel-linux-x86_64-debian-gcc 0.2.1 2.00 18.86 20.86 NOTE
r-devel-linux-x86_64-fedora-clang 0.2.1 43.92 NOTE
r-devel-linux-x86_64-fedora-gcc 0.2.1 41.45 NOTE
r-devel-windows-x86_64 0.2.1 12.00 50.00 62.00 NOTE
r-patched-linux-x86_64 0.2.1 2.40 22.56 24.96 NOTE
r-release-linux-x86_64 0.2.1 1.85 22.99 24.84 NOTE
r-release-macos-arm64 0.2.1 15.00 NOTE
r-release-macos-x86_64 0.2.1 22.00 NOTE
r-release-windows-x86_64 0.2.1 11.00 52.00 63.00 NOTE
r-oldrel-macos-arm64 0.2.1 18.00 NOTE
r-oldrel-macos-x86_64 0.2.1 21.00 NOTE
r-oldrel-windows-ix86+x86_64 0.2.1 6.00 46.00 52.00 NOTE

Check Details

Version: 0.2.1
Check: package subdirectories
Result: NOTE
    Problems with news in 'NEWS.md':
    No news entries found.
Flavors: r-devel-linux-x86_64-debian-clang, r-devel-linux-x86_64-debian-gcc, r-devel-linux-x86_64-fedora-clang, r-devel-linux-x86_64-fedora-gcc, r-devel-windows-x86_64

Version: 0.2.1
Check: LazyData
Result: NOTE
     'LazyData' is specified without a 'data' directory
Flavors: r-devel-linux-x86_64-debian-clang, r-devel-linux-x86_64-debian-gcc, r-devel-linux-x86_64-fedora-clang, r-devel-linux-x86_64-fedora-gcc, r-devel-windows-x86_64, r-patched-linux-x86_64, r-release-linux-x86_64, r-release-macos-arm64, r-release-macos-x86_64, r-release-windows-x86_64, r-oldrel-macos-arm64, r-oldrel-macos-x86_64, r-oldrel-windows-ix86+x86_64