CRAN Package Check Results for Package sFFLHD

Last updated on 2022-11-27 06:53:08 CET.

Flavor Version Tinstall Tcheck Ttotal Status Flags
r-devel-linux-x86_64-debian-clang 0.1.2 3.68 69.97 73.65 NOTE
r-devel-linux-x86_64-debian-gcc 0.1.2 4.07 52.10 56.17 NOTE
r-devel-linux-x86_64-fedora-clang 0.1.2 103.42 NOTE
r-devel-linux-x86_64-fedora-gcc 0.1.2 106.94 NOTE
r-devel-windows-x86_64 0.1.2 12.00 94.00 106.00 NOTE
r-patched-linux-x86_64 0.1.2 5.18 66.77 71.95 NOTE
r-release-linux-x86_64 0.1.2 6.11 69.16 75.27 NOTE
r-release-macos-arm64 0.1.2 27.00 NOTE
r-release-macos-x86_64 0.1.2 41.00 NOTE
r-release-windows-x86_64 0.1.2 16.00 107.00 123.00 NOTE
r-oldrel-macos-arm64 0.1.2 39.00 NOTE
r-oldrel-macos-x86_64 0.1.2 57.00 NOTE
r-oldrel-windows-ix86+x86_64 0.1.2 16.00 99.00 115.00 NOTE

Check Details

Version: 0.1.2
Check: LazyData
Result: NOTE
     'LazyData' is specified without a 'data' directory
Flavors: r-devel-linux-x86_64-debian-clang, r-devel-linux-x86_64-debian-gcc, r-devel-linux-x86_64-fedora-clang, r-devel-linux-x86_64-fedora-gcc, r-devel-windows-x86_64, r-patched-linux-x86_64, r-release-linux-x86_64, r-release-macos-arm64, r-release-macos-x86_64, r-release-windows-x86_64, r-oldrel-macos-arm64, r-oldrel-macos-x86_64, r-oldrel-windows-ix86+x86_64

Version: 0.1.2
Check: dependencies in R code
Result: NOTE
    Namespace in Imports field not imported from: ‘R6’
     All declared Imports should be used.
Flavors: r-devel-linux-x86_64-fedora-clang, r-devel-linux-x86_64-fedora-gcc, r-release-macos-arm64, r-release-macos-x86_64, r-oldrel-macos-arm64, r-oldrel-macos-x86_64