CRAN Package Check Results for Package sBIC

Last updated on 2020-11-01 01:47:32 CET.

Flavor Version Tinstall Tcheck Ttotal Status Flags
r-devel-linux-x86_64-debian-clang 0.2.0 23.42 165.47 188.89 OK
r-devel-linux-x86_64-debian-gcc 0.2.0 15.74 118.19 133.93 OK
r-devel-linux-x86_64-fedora-clang 0.2.0 229.69 NOTE
r-devel-linux-x86_64-fedora-gcc 0.2.0 252.33 NOTE
r-devel-windows-ix86+x86_64 0.2.0 55.00 179.00 234.00 OK
r-patched-linux-x86_64 0.2.0 20.29 158.85 179.14 OK
r-patched-solaris-x86 0.2.0 288.70 OK
r-release-linux-x86_64 0.2.0 22.10 161.54 183.64 OK
r-release-macos-x86_64 0.2.0 OK
r-release-windows-ix86+x86_64 0.2.0 35.00 250.00 285.00 OK
r-oldrel-macos-x86_64 0.2.0 OK
r-oldrel-windows-ix86+x86_64 0.2.0 46.00 172.00 218.00 OK

Check Details

Version: 0.2.0
Check: compiled code
Result: NOTE
    File ‘sBIC/libs/sBIC.so’:
     Found no calls to: ‘R_registerRoutines’, ‘R_useDynamicSymbols’
    
    It is good practice to register native routines and to disable symbol
    search.
    
    See ‘Writing portable packages’ in the ‘Writing R Extensions’ manual.
Flavors: r-devel-linux-x86_64-fedora-clang, r-devel-linux-x86_64-fedora-gcc