CRAN Package Check Results for Package sBIC

Last updated on 2022-09-27 12:53:04 CEST.

Flavor Version Tinstall Tcheck Ttotal Status Flags
r-devel-linux-x86_64-debian-clang 0.2.0 17.75 194.80 212.55 OK
r-devel-linux-x86_64-debian-gcc 0.2.0 15.64 139.20 154.84 OK
r-devel-linux-x86_64-fedora-clang 0.2.0 274.02 NOTE
r-devel-linux-x86_64-fedora-gcc 0.2.0 258.83 NOTE
r-devel-windows-x86_64 0.2.0 44.00 271.00 315.00 OK
r-patched-linux-x86_64 0.2.0 17.56 186.00 203.56 OK
r-release-linux-x86_64 0.2.0 18.04 179.48 197.52 OK
r-release-macos-arm64 0.2.0 77.00 OK
r-release-macos-x86_64 0.2.0 95.00 OK
r-release-windows-x86_64 0.2.0 52.00 268.00 320.00 OK
r-oldrel-macos-arm64 0.2.0 81.00 OK
r-oldrel-macos-x86_64 0.2.0 125.00 OK
r-oldrel-windows-ix86+x86_64 0.2.0 53.00 130.00 183.00 OK

Check Details

Version: 0.2.0
Check: compiled code
Result: NOTE
    File ‘sBIC/libs/sBIC.so’:
     Found no calls to: ‘R_registerRoutines’, ‘R_useDynamicSymbols’
    
    It is good practice to register native routines and to disable symbol
    search.
    
    See ‘Writing portable packages’ in the ‘Writing R Extensions’ manual.
Flavors: r-devel-linux-x86_64-fedora-clang, r-devel-linux-x86_64-fedora-gcc