Last updated on 2023-09-29 12:57:09 CEST.
Flavor | Version | Tinstall | Tcheck | Ttotal | Status | Flags |
---|---|---|---|---|---|---|
r-devel-linux-x86_64-debian-clang | 0.1.8 | 4.32 | 32.64 | 36.96 | NOTE | |
r-devel-linux-x86_64-debian-gcc | 0.1.8 | 2.66 | 25.35 | 28.01 | NOTE | |
r-devel-linux-x86_64-fedora-clang | 0.1.8 | 45.75 | NOTE | |||
r-devel-linux-x86_64-fedora-gcc | 0.1.8 | 44.30 | NOTE | |||
r-devel-windows-x86_64 | 0.1.8 | 5.00 | 59.00 | 64.00 | NOTE | |
r-patched-linux-x86_64 | 0.1.8 | 5.12 | 31.97 | 37.09 | NOTE | |
r-release-linux-x86_64 | 0.1.8 | 3.97 | 31.89 | 35.86 | NOTE | |
r-release-macos-arm64 | 0.1.8 | 19.00 | NOTE | |||
r-release-macos-x86_64 | 0.1.8 | 26.00 | NOTE | |||
r-release-windows-x86_64 | 0.1.8 | 6.00 | 60.00 | 66.00 | NOTE | |
r-oldrel-macos-arm64 | 0.1.8 | 19.00 | NOTE | |||
r-oldrel-macos-x86_64 | 0.1.8 | 33.00 | NOTE | |||
r-oldrel-windows-x86_64 | 0.1.8 | 7.00 | 55.00 | 62.00 | NOTE |
Version: 0.1.8
Check: LazyData
Result: NOTE
'LazyData' is specified without a 'data' directory
Flavors: r-devel-linux-x86_64-debian-clang, r-devel-linux-x86_64-debian-gcc, r-devel-linux-x86_64-fedora-clang, r-devel-linux-x86_64-fedora-gcc, r-devel-windows-x86_64, r-patched-linux-x86_64, r-release-linux-x86_64, r-release-macos-arm64, r-release-macos-x86_64, r-release-windows-x86_64, r-oldrel-macos-arm64, r-oldrel-macos-x86_64, r-oldrel-windows-x86_64