CRAN Package Check Results for Package rwhatsapp

Last updated on 2022-09-24 18:56:34 CEST.

Flavor Version Tinstall Tcheck Ttotal Status Flags
r-devel-linux-x86_64-debian-clang 0.2.4 4.60 44.85 49.45 OK
r-devel-linux-x86_64-debian-gcc 0.2.4 3.74 34.32 38.06 OK
r-devel-linux-x86_64-fedora-clang 0.2.4 70.11 NOTE
r-devel-linux-x86_64-fedora-gcc 0.2.4 68.44 NOTE
r-devel-windows-x86_64 0.2.4 30.00 74.00 104.00 OK
r-patched-linux-x86_64 0.2.4 4.42 42.92 47.34 OK
r-release-linux-x86_64 0.2.4 3.78 42.51 46.29 OK
r-release-macos-arm64 0.2.4 23.00 NOTE
r-release-macos-x86_64 0.2.4 33.00 NOTE
r-release-windows-x86_64 0.2.4 29.00 75.00 104.00 OK
r-oldrel-macos-arm64 0.2.4 22.00 NOTE
r-oldrel-macos-x86_64 0.2.4 31.00 NOTE
r-oldrel-windows-ix86+x86_64 0.2.4 11.00 69.00 80.00 OK

Check Details

Version: 0.2.4
Check: data for non-ASCII characters
Result: NOTE
     Note: found 4250 marked UTF-8 strings
Flavors: r-devel-linux-x86_64-fedora-clang, r-devel-linux-x86_64-fedora-gcc, r-release-macos-arm64, r-release-macos-x86_64, r-oldrel-macos-arm64, r-oldrel-macos-x86_64