CRAN Package Check Results for Package rtweet

Last updated on 2020-05-29 22:50:16 CEST.

Flavor Version Tinstall Tcheck Ttotal Status Flags
r-devel-linux-x86_64-debian-clang 0.7.0 12.56 63.89 76.45 OK
r-devel-linux-x86_64-debian-gcc 0.7.0 10.46 49.14 59.60 OK
r-devel-linux-x86_64-fedora-clang 0.7.0 102.86 NOTE
r-devel-linux-x86_64-fedora-gcc 0.7.0 89.68 NOTE
r-devel-windows-ix86+x86_64 0.7.0 23.00 114.00 137.00 OK
r-patched-linux-x86_64 0.7.0 12.62 64.61 77.23 OK
r-patched-solaris-x86 0.7.0 122.40 NOTE
r-release-linux-x86_64 0.7.0 10.71 64.16 74.87 OK
r-release-osx-x86_64 0.7.0 NOTE
r-release-windows-ix86+x86_64 0.7.0 21.00 137.00 158.00 OK
r-oldrel-osx-x86_64 0.7.0 NOTE
r-oldrel-windows-ix86+x86_64 0.7.0 17.00 73.00 90.00 OK

Check Details

Version: 0.7.0
Check: dependencies in R code
Result: NOTE
    Namespace in Imports field not imported from: ‘Rcpp’
     All declared Imports should be used.
Flavors: r-devel-linux-x86_64-fedora-clang, r-devel-linux-x86_64-fedora-gcc, r-patched-solaris-x86, r-release-osx-x86_64, r-oldrel-osx-x86_64

Version: 0.7.0
Check: data for non-ASCII characters
Result: NOTE
     Note: found 113868 marked UTF-8 strings
Flavors: r-devel-linux-x86_64-fedora-clang, r-devel-linux-x86_64-fedora-gcc, r-patched-solaris-x86, r-release-osx-x86_64, r-oldrel-osx-x86_64