CRAN Package Check Results for Package rtodoist

Last updated on 2022-10-02 18:50:59 CEST.

Flavor Version Tinstall Tcheck Ttotal Status Flags
r-devel-linux-x86_64-debian-clang 0.1.0 5.59 53.08 58.67 NOTE
r-devel-linux-x86_64-debian-gcc 0.1.0 4.01 39.84 43.85 NOTE
r-devel-linux-x86_64-fedora-clang 0.1.0 84.40 NOTE
r-devel-linux-x86_64-fedora-gcc 0.1.0 77.46 NOTE
r-devel-windows-x86_64 0.1.0 24.00 83.00 107.00 NOTE
r-patched-linux-x86_64 0.1.0 4.39 49.90 54.29 NOTE
r-release-linux-x86_64 0.1.0 5.39 49.98 55.37 NOTE
r-release-macos-arm64 0.1.0 24.00 NOTE
r-release-macos-x86_64 0.1.0 47.00 NOTE
r-release-windows-x86_64 0.1.0 26.00 79.00 105.00 NOTE
r-oldrel-macos-arm64 0.1.0 30.00 NOTE
r-oldrel-macos-x86_64 0.1.0 35.00 NOTE
r-oldrel-windows-ix86+x86_64 0.1.0 14.00 76.00 90.00 NOTE

Check Details

Version: 0.1.0
Check: LazyData
Result: NOTE
     'LazyData' is specified without a 'data' directory
Flavors: r-devel-linux-x86_64-debian-clang, r-devel-linux-x86_64-debian-gcc, r-devel-linux-x86_64-fedora-clang, r-devel-linux-x86_64-fedora-gcc, r-devel-windows-x86_64, r-patched-linux-x86_64, r-release-linux-x86_64, r-release-macos-arm64, r-release-macos-x86_64, r-release-windows-x86_64, r-oldrel-macos-arm64, r-oldrel-macos-x86_64, r-oldrel-windows-ix86+x86_64