CRAN Package Check Results for Package rties

Last updated on 2020-10-29 13:48:55 CET.

Flavor Version Tinstall Tcheck Ttotal Status Flags
r-devel-linux-x86_64-debian-clang 5.0.0 8.57 204.53 213.10 OK
r-devel-linux-x86_64-debian-gcc 5.0.0 6.33 146.82 153.15 OK
r-devel-linux-x86_64-fedora-clang 5.0.0 266.97 NOTE
r-devel-linux-x86_64-fedora-gcc 5.0.0 263.17 NOTE
r-devel-windows-ix86+x86_64 5.0.0 16.00 196.00 212.00 OK
r-patched-linux-x86_64 5.0.0 7.17 189.02 196.19 OK
r-patched-solaris-x86 5.0.0 310.90 NOTE
r-release-linux-x86_64 5.0.0 8.99 188.56 197.55 OK
r-release-macos-x86_64 5.0.0 NOTE
r-release-windows-ix86+x86_64 5.0.0 13.00 170.00 183.00 OK
r-oldrel-macos-x86_64 5.0.0 NOTE
r-oldrel-windows-ix86+x86_64 5.0.0 14.00 236.00 250.00 OK

Check Details

Version: 5.0.0
Check: dependencies in R code
Result: NOTE
    Namespaces in Imports field not imported from:
     ‘DescTools’ ‘MASS’ ‘gridExtra’
     All declared Imports should be used.
Flavors: r-devel-linux-x86_64-fedora-clang, r-devel-linux-x86_64-fedora-gcc, r-patched-solaris-x86, r-release-macos-x86_64, r-oldrel-macos-x86_64