CRAN Package Check Results for Package rstatix

Last updated on 2024-05-30 12:49:31 CEST.

Flavor Version Tinstall Tcheck Ttotal Status Flags
r-devel-linux-x86_64-debian-clang 0.7.2 13.79 147.90 161.69 NOTE
r-devel-linux-x86_64-debian-gcc 0.7.2 10.60 105.61 116.21 NOTE
r-devel-linux-x86_64-fedora-clang 0.7.2 196.34 NOTE
r-devel-linux-x86_64-fedora-gcc 0.7.2 181.84 NOTE
r-devel-windows-x86_64 0.7.2 13.00 130.00 143.00 NOTE
r-patched-linux-x86_64 0.7.2 12.41 140.07 152.48 NOTE
r-release-linux-x86_64 0.7.2 13.36 138.14 151.50 NOTE
r-release-macos-arm64 0.7.2 51.00 NOTE
r-release-windows-x86_64 0.7.2 13.00 130.00 143.00 NOTE
r-oldrel-macos-arm64 0.7.2 63.00 OK
r-oldrel-macos-x86_64 0.7.2 98.00 NOTE
r-oldrel-windows-x86_64 0.7.2 15.00 165.00 180.00 OK

Check Details

Version: 0.7.2
Check: Rd files
Result: NOTE checkRd: (-1) box_m.Rd:19: Lost braces in \itemize; \value handles \item{}{} directly checkRd: (-1) box_m.Rd:20: Lost braces in \itemize; \value handles \item{}{} directly checkRd: (-1) box_m.Rd:21: Lost braces in \itemize; \value handles \item{}{} directly checkRd: (-1) box_m.Rd:22: Lost braces in \itemize; \value handles \item{}{} directly checkRd: (-1) wilcox_test.Rd:91: Lost braces; missing escapes or markup? 91 | distribution of \code{(u+v)/2}, where \code{u} and {v} are independent, each | ^ Flavors: r-devel-linux-x86_64-debian-clang, r-devel-linux-x86_64-debian-gcc, r-devel-linux-x86_64-fedora-clang, r-devel-linux-x86_64-fedora-gcc, r-devel-windows-x86_64, r-patched-linux-x86_64, r-release-linux-x86_64, r-release-macos-arm64, r-release-windows-x86_64

Version: 0.7.2
Check: package dependencies
Result: NOTE Package suggested but not available for checking: ‘ggpubr’ Flavor: r-oldrel-macos-x86_64