CRAN Package Check Results for Package rstatix

Last updated on 2022-07-02 12:53:13 CEST.

Flavor Version Tinstall Tcheck Ttotal Status Flags
r-devel-linux-x86_64-debian-clang 0.7.0 13.07 148.05 161.12 NOTE
r-devel-linux-x86_64-debian-gcc 0.7.0 10.93 111.42 122.35 NOTE
r-devel-linux-x86_64-fedora-clang 0.7.0 203.55 NOTE
r-devel-linux-x86_64-fedora-gcc 0.7.0 205.08 NOTE
r-devel-windows-x86_64 0.7.0 71.00 176.00 247.00 NOTE
r-patched-linux-x86_64 0.7.0 15.66 141.14 156.80 NOTE
r-release-linux-x86_64 0.7.0 10.13 139.99 150.12 NOTE
r-release-macos-arm64 0.7.0 51.00 NOTE
r-release-macos-x86_64 0.7.0 91.00 NOTE
r-release-windows-x86_64 0.7.0 19.00 180.00 199.00 NOTE
r-oldrel-macos-arm64 0.7.0 62.00 NOTE
r-oldrel-macos-x86_64 0.7.0 73.00 NOTE
r-oldrel-windows-ix86+x86_64 0.7.0 26.00 180.00 206.00 NOTE

Check Details

Version: 0.7.0
Check: LazyData
Result: NOTE
     'LazyData' is specified without a 'data' directory
Flavors: r-devel-linux-x86_64-debian-clang, r-devel-linux-x86_64-debian-gcc, r-devel-linux-x86_64-fedora-clang, r-devel-linux-x86_64-fedora-gcc, r-devel-windows-x86_64, r-patched-linux-x86_64, r-release-linux-x86_64, r-release-macos-arm64, r-release-macos-x86_64, r-release-windows-x86_64, r-oldrel-macos-arm64, r-oldrel-macos-x86_64, r-oldrel-windows-ix86+x86_64