Last updated on 2022-08-11 06:51:55 CEST.
Flavor | Version | Tinstall | Tcheck | Ttotal | Status | Flags |
---|---|---|---|---|---|---|
r-devel-linux-x86_64-debian-clang | 0.1.3 | 127.75 | 168.30 | 296.05 | NOTE | |
r-devel-linux-x86_64-debian-gcc | 0.1.3 | 107.97 | 129.04 | 237.01 | NOTE | |
r-devel-linux-x86_64-fedora-clang | 0.1.3 | 381.34 | NOTE | |||
r-devel-linux-x86_64-fedora-gcc | 0.1.3 | 392.42 | NOTE | |||
r-devel-windows-x86_64 | 0.1.3 | 420.00 | 229.00 | 649.00 | NOTE | |
r-patched-linux-x86_64 | 0.1.3 | 92.14 | 168.28 | 260.42 | NOTE | |
r-release-linux-x86_64 | 0.1.3 | NOTE | ||||
r-release-macos-arm64 | 0.1.3 | 101.00 | NOTE | |||
r-release-macos-x86_64 | 0.1.3 | 174.00 | NOTE | |||
r-release-windows-x86_64 | 0.1.3 | 109.00 | 221.00 | 330.00 | NOTE | |
r-oldrel-macos-arm64 | 0.1.3 | 153.00 | NOTE | |||
r-oldrel-macos-x86_64 | 0.1.3 | 145.00 | NOTE | |||
r-oldrel-windows-ix86+x86_64 | 0.1.3 | 276.00 | 301.00 | 577.00 | NOTE |
Version: 0.1.3
Check: for GNU extensions in Makefiles
Result: NOTE
GNU make is a SystemRequirements.
Flavors: r-devel-linux-x86_64-debian-clang, r-devel-linux-x86_64-debian-gcc, r-devel-linux-x86_64-fedora-clang, r-devel-linux-x86_64-fedora-gcc, r-devel-windows-x86_64, r-patched-linux-x86_64, r-release-linux-x86_64, r-release-macos-arm64, r-release-macos-x86_64, r-release-windows-x86_64, r-oldrel-macos-arm64, r-oldrel-macos-x86_64, r-oldrel-windows-ix86+x86_64
Version: 0.1.3
Check: installed package size
Result: NOTE
installed size is 21.6Mb
sub-directories of 1Mb or more:
libs 21.0Mb
Flavors: r-devel-linux-x86_64-fedora-clang, r-release-macos-arm64, r-release-macos-x86_64, r-oldrel-macos-arm64, r-oldrel-macos-x86_64