CRAN Package Check Results for Package rstanarm

Last updated on 2022-08-17 00:52:13 CEST.

Flavor Version Tinstall Tcheck Ttotal Status Flags
r-devel-linux-x86_64-debian-clang 2.21.3 1488.75 527.03 2015.78 NOTE
r-devel-linux-x86_64-debian-gcc 2.21.3 1087.59 429.46 1517.05 NOTE
r-devel-linux-x86_64-fedora-clang 2.21.3 1781.71 NOTE
r-devel-linux-x86_64-fedora-gcc 2.21.3 2038.17 NOTE
r-devel-windows-x86_64 2.21.3 849.00 220.00 1069.00 NOTE --no-examples --no-tests --no-vignettes
r-patched-linux-x86_64 2.21.3 1197.47 552.24 1749.71 NOTE
r-release-linux-x86_64 2.21.3 1182.57 551.58 1734.15 NOTE
r-release-macos-arm64 2.21.3 607.00 NOTE
r-release-macos-x86_64 2.21.3 1190.00 NOTE
r-release-windows-x86_64 2.21.3 991.00 221.00 1212.00 NOTE --no-examples --no-tests --no-vignettes
r-oldrel-macos-arm64 2.21.3 608.00 NOTE
r-oldrel-macos-x86_64 2.21.3 949.00 NOTE
r-oldrel-windows-ix86+x86_64 2.21.3 2370.00 298.00 2668.00 NOTE --no-examples --no-tests --no-vignettes

Check Details

Version: 2.21.3
Check: for GNU extensions in Makefiles
Result: NOTE
    GNU make is a SystemRequirements.
Flavors: r-devel-linux-x86_64-debian-clang, r-devel-linux-x86_64-debian-gcc, r-devel-linux-x86_64-fedora-clang, r-devel-linux-x86_64-fedora-gcc, r-patched-linux-x86_64, r-release-linux-x86_64, r-release-macos-arm64, r-release-macos-x86_64, r-oldrel-macos-arm64, r-oldrel-macos-x86_64

Version: 2.21.3
Check: installed package size
Result: NOTE
     installed size is 23.3Mb
     sub-directories of 1Mb or more:
     R 1.6Mb
     doc 4.8Mb
     libs 16.2Mb
Flavors: r-devel-linux-x86_64-fedora-clang, r-release-macos-arm64, r-release-macos-x86_64, r-oldrel-macos-arm64, r-oldrel-macos-x86_64

Version: 2.21.3
Check: dependencies in R code
Result: NOTE
    Namespace in Imports field not imported from: ‘RcppParallel’
     All declared Imports should be used.
Flavors: r-devel-linux-x86_64-fedora-clang, r-devel-linux-x86_64-fedora-gcc, r-release-macos-arm64, r-release-macos-x86_64, r-oldrel-macos-arm64, r-oldrel-macos-x86_64

Version: 2.21.3
Check: Rd cross-references
Result: NOTE
    Undeclared packages ‘gamm4’, ‘shiny’ in Rd xrefs
Flavor: r-devel-linux-x86_64-fedora-clang

Version: 2.21.3
Flags: --no-examples --no-tests --no-vignettes
Check: installed package size
Result: NOTE
     installed size is 16.0Mb
     sub-directories of 1Mb or more:
     R 1.6Mb
     doc 4.8Mb
     libs 8.9Mb
Flavors: r-devel-windows-x86_64, r-release-windows-x86_64, r-oldrel-windows-ix86+x86_64

Version: 2.21.3
Flags: --no-examples --no-tests --no-vignettes
Check: for GNU extensions in Makefiles
Result: NOTE
    GNU make is a SystemRequirements.
Flavors: r-devel-windows-x86_64, r-release-windows-x86_64, r-oldrel-windows-ix86+x86_64