CRAN Package Check Results for Package rsolr

Last updated on 2022-10-06 06:49:46 CEST.

Flavor Version Tinstall Tcheck Ttotal Status Flags
r-devel-linux-x86_64-debian-clang 0.0.13 39.19 178.61 217.80 OK --no-tests
r-devel-linux-x86_64-debian-gcc 0.0.13 31.98 130.32 162.30 OK --no-tests
r-devel-linux-x86_64-fedora-clang 0.0.13 283.14 ERROR
r-devel-linux-x86_64-fedora-gcc 0.0.13 1106.04 ERROR
r-devel-windows-x86_64 0.0.13 159.00 384.00 543.00 OK
r-patched-linux-x86_64 0.0.13 36.93 165.71 202.64 OK --no-tests
r-release-linux-x86_64 0.0.13 40.20 168.93 209.13 OK --no-tests
r-release-macos-arm64 0.0.13 135.00 OK
r-release-macos-x86_64 0.0.13 155.00 OK
r-release-windows-x86_64 0.0.13 90.00 356.00 446.00 OK
r-oldrel-macos-arm64 0.0.13 125.00 OK
r-oldrel-macos-x86_64 0.0.13 151.00 OK
r-oldrel-windows-ix86+x86_64 0.0.13 67.00 0.00 67.00 FAIL

Check Details

Version: 0.0.13
Check: tests
Result: ERROR
     Running ‘rsolr_unit_tests.R’ [11s/39s]
    Running the tests in ‘tests/rsolr_unit_tests.R’ failed.
    Complete output:
     > rsolr:::.test()
    
     Attaching package: 'BiocGenerics'
    
     The following objects are masked from 'package:stats':
    
     IQR, mad, sd, var, xtabs
    
     The following objects are masked from 'package:base':
    
     Filter, Find, Map, Position, Reduce, anyDuplicated, append,
     as.data.frame, basename, cbind, colnames, dirname, do.call,
     duplicated, eval, evalq, get, grep, grepl, intersect, is.unsorted,
     lapply, mapply, match, mget, order, paste, pmax, pmax.int, pmin,
     pmin.int, rank, rbind, rownames, sapply, setdiff, sort, table,
     tapply, union, unique, unsplit, which.max, which.min
    
    
     Attaching package: 'rsolr'
    
     The following object is masked from 'package:stats':
    
     ftable
    
     The following object is masked from 'package:base':
    
     grouping
    
     Timing stopped at: 0.127 0.003 0.223
     Error in value[[3L]](cond) : Failed to retrieve schema.
     rsolr requires schema via REST or as XML from admin module.
     Error from REST: Error in h(simpleError(msg, call)): error in evaluating the argument 'X' in selecting a method for function 'lapply': Not Found
    
    
     Timing stopped at: 0.042 0.002 0.102
     Error in value[[3L]](cond) : Failed to retrieve schema.
     rsolr requires schema via REST or as XML from admin module.
     Error from REST: Error in h(simpleError(msg, call)): error in evaluating the argument 'X' in selecting a method for function 'lapply': Not Found
    
    
     Timing stopped at: 0.044 0.001 0.118
     Error in value[[3L]](cond) : Failed to retrieve schema.
     rsolr requires schema via REST or as XML from admin module.
     Error from REST: Error in h(simpleError(msg, call)): error in evaluating the argument 'X' in selecting a method for function 'lapply': Not Found
    
    
     Timing stopped at: 0.056 0.001 0.127
     Error in value[[3L]](cond) : Failed to retrieve schema.
     rsolr requires schema via REST or as XML from admin module.
     Error from REST: Error in h(simpleError(msg, call)): error in evaluating the argument 'X' in selecting a method for function 'lapply': Not Found
    
    
     Timing stopped at: 0.041 0.002 0.067
     Error in value[[3L]](cond) : Failed to retrieve schema.
     rsolr requires schema via REST or as XML from admin module.
     Error from REST: Error in h(simpleError(msg, call)): error in evaluating the argument 'X' in selecting a method for function 'lapply': Not Found
    
    
     Starting Solr...
     Use options(verbose=TRUE) to diagnose any problems.
     WARNING: An illegal reflective access operation has occurred
     WARNING: Illegal reflective access by org.xnio.nio.NioXnio$2 (file:/data/gannet/ripley/.local/share/R/rsolr/solr-undertow-1.6.0-with-solr-5.5.0/lib/xnio-nio-3.3.4.Final.jar) to constructor sun.nio.ch.EPollSelectorProvider()
     WARNING: Please consider reporting this to the maintainers of org.xnio.nio.NioXnio$2
     WARNING: Use --illegal-access=warn to enable warnings of further illegal reflective access operations
     WARNING: All illegal access operations will be denied in a future release
     Solr started at: http://localhost:8983/solr/Cars93
     Starting Solr...
     Use options(verbose=TRUE) to diagnose any problems.
     WARNING: An illegal reflective access operation has occurred
     WARNING: Illegal reflective access by org.xnio.nio.NioXnio$2 (file:/data/gannet/ripley/.local/share/R/rsolr/solr-undertow-1.6.0-with-solr-5.5.0/lib/xnio-nio-3.3.4.Final.jar) to constructor sun.nio.ch.EPollSelectorProvider()
     WARNING: Please consider reporting this to the maintainers of org.xnio.nio.NioXnio$2
     WARNING: Use --illegal-access=warn to enable warnings of further illegal reflective access operations
     WARNING: All illegal access operations will be denied in a future release
     Solr started at: http://localhost:8983/solr/Cars93
    
    
     RUNIT TEST PROTOCOL -- Mon Oct 3 11:37:29 2022
     ***********************************************
     Number of test functions: 7
     Number of errors: 5
     Number of failures: 0
    
    
     1 Test Suite :
     rsolr RUnit Tests - 7 test functions, 5 errors, 0 failures
     ERROR in test_SolrCore_accessors: Error in value[[3L]](cond) : Failed to retrieve schema.
     rsolr requires schema via REST or as XML from admin module.
     Error from REST: Error in h(simpleError(msg, call)): error in evaluating the argument 'X' in selecting a method for function 'lapply': Not Found
    
    
     ERROR in test_SolrFrame_accessors: Error in value[[3L]](cond) : Failed to retrieve schema.
     rsolr requires schema via REST or as XML from admin module.
     Error from REST: Error in h(simpleError(msg, call)): error in evaluating the argument 'X' in selecting a method for function 'lapply': Not Found
    
    
     ERROR in test_SolrList_accessors: Error in value[[3L]](cond) : Failed to retrieve schema.
     rsolr requires schema via REST or as XML from admin module.
     Error from REST: Error in h(simpleError(msg, call)): error in evaluating the argument 'X' in selecting a method for function 'lapply': Not Found
    
    
     ERROR in test_SolrList_queries: Error in value[[3L]](cond) : Failed to retrieve schema.
     rsolr requires schema via REST or as XML from admin module.
     Error from REST: Error in h(simpleError(msg, call)): error in evaluating the argument 'X' in selecting a method for function 'lapply': Not Found
    
    
     ERROR in test_SolrQuery: Error in value[[3L]](cond) : Failed to retrieve schema.
     rsolr requires schema via REST or as XML from admin module.
     Error from REST: Error in h(simpleError(msg, call)): error in evaluating the argument 'X' in selecting a method for function 'lapply': Not Found
    
    
    
     Test files with failing tests
    
     test_SolrCore.R
     test_SolrCore_accessors
    
     test_SolrFrame.R
     test_SolrFrame_accessors
    
     test_SolrList.R
     test_SolrList_accessors
     test_SolrList_queries
    
     test_SolrQuery.R
     test_SolrQuery
    
    
     Error in get("testPackage", getNamespace("BiocGenerics"))("rsolr") :
     unit tests failed for package rsolr
     Calls: <Anonymous> -> <Anonymous>
     Execution halted
Flavor: r-devel-linux-x86_64-fedora-clang

Version: 0.0.13
Check: tests
Result: ERROR
     Running ‘rsolr_unit_tests.R’ [14m/90m]
    Running the tests in ‘tests/rsolr_unit_tests.R’ failed.
    Complete output:
     > rsolr:::.test()
     Starting Solr...
     Use options(verbose=TRUE) to diagnose any problems.
     Solr started at: http://localhost:8983/solr/techproducts
    
     Attaching package: 'BiocGenerics'
    
     The following objects are masked from 'package:stats':
    
     IQR, mad, sd, var, xtabs
    
     The following objects are masked from 'package:base':
    
     Filter, Find, Map, Position, Reduce, anyDuplicated, append,
     as.data.frame, basename, cbind, colnames, dirname, do.call,
     duplicated, eval, evalq, get, grep, grepl, intersect, is.unsorted,
     lapply, mapply, match, mget, order, paste, pmax, pmax.int, pmin,
     pmin.int, rank, rbind, rownames, sapply, setdiff, sort, table,
     tapply, union, unique, unsplit, which.max, which.min
    
    
     Attaching package: 'rsolr'
    
     The following object is masked from 'package:stats':
    
     ftable
    
     The following object is masked from 'package:base':
    
     grouping
    
     Timing stopped at: 14.79 0.062 23.86
     Error in h(simpleError(msg, call)) :
     error in evaluating the argument 'x' in selecting a method for function 'facets': error in evaluating the argument 'x' in selecting a method for function 'group': invalid class "SolrFrame" object: invalid object for slot "query" in class "SolrFrame": got class "NULL", should be or extend class "SolrQuery"
     In addition: There were 38 warnings (use warnings() to see them)
     Starting Solr...
     Use options(verbose=TRUE) to diagnose any problems.
     Solr started at: http://localhost:8983/solr/Cars93
     Starting Solr...
     Use options(verbose=TRUE) to diagnose any problems.
    
     There were 45 warnings (use warnings() to see them)
     Timing stopped at: 816.9 15.19 5333
     Error in file() : cannot open the connection
     Calls: <Anonymous> -> <Anonymous> -> <Anonymous> -> portIsOpen -> file
     In addition: Warning message:
     In file() :
     cannot open file '/tmp/RtmpgDBkyP/working_dir/RtmpUajBTE/Rfc59dd26624b8d': Too many open files
     Execution halted
     sh: error while loading shared libraries: libtinfo.so.6: cannot open shared object file: Error 24
Flavor: r-devel-linux-x86_64-fedora-gcc

Version: 0.0.13
Check: re-building of vignette outputs
Result: ERROR
    Error(s) in re-building vignettes:
    --- re-building ‘intro.Rnw’ using knitr
    Quitting from lines 122-123 (intro.Rnw)
    Error: processing vignette 'intro.Rnw' failed with diagnostics:
    Failed to retrieve schema.
    rsolr requires schema via REST or as XML from admin module.
    Error from REST: Error in h(simpleError(msg, call)): error in evaluating the argument 'X' in selecting a method for function 'lapply': Not Found
    
    
    --- failed re-building ‘intro.Rnw’
    
    SUMMARY: processing the following file failed:
     ‘intro.Rnw’
    
    Error: Vignette re-building failed.
    Execution halted
Flavor: r-devel-linux-x86_64-fedora-gcc

Version: 0.0.13
Check: tests
Result: FAIL
    Check process probably crashed or hung up for 20 minutes ... killed
    Most likely this happened in the example checks (?),
    if not, ignore the following last lines of example output:
    > ### Name: SolrList-class
    > ### Title: SolrList
    > ### Aliases: class:SolrList SolrList-class length,SolrList-method
    > ### names,SolrList-method [<-,SolrList,ANY,ANY,ANY-method
    > ### [[,SolrList,ANY-method [,SolrList-method [[,SolrList-method
    > ### [[<-,SolrList-method unique,SolrList-method searchDocs
    > ### searchDocs,Solr SolrList coerce,Solr,SolrList-method
    > ### coerce,SolrList,DocCollection-method show,SolrList-method
    > ### Keywords: methods classes
    >
    > ### ** Examples
    >
    >
    >
    >
    > ### * <FOOTER>
    > ###
    > cleanEx()
    > options(digits = 7L)
    > base::cat("Time elapsed: ", proc.time() - base::get("ptime", pos = 'CheckExEnv'),"\n")
    Time elapsed: 4.45 0.18 4.66 NA NA
    > grDevices::dev.off()
    null device
     1
    > ###
    > ### Local variables: ***
    > ### mode: outline-minor ***
    > ### outline-regexp: "\\(> \\)?### [*]+" ***
    > ### End: ***
    > quit('no')
    ======== End of example output (where/before crash/hang up occured ?) ========
Flavor: r-oldrel-windows-ix86+x86_64