CRAN Package Check Results for Package rsf

Last updated on 2022-09-24 18:56:34 CEST.

Flavor Version Tinstall Tcheck Ttotal Status Flags
r-devel-linux-x86_64-debian-clang 0.3.0 2.28 22.78 25.06 OK
r-devel-linux-x86_64-debian-gcc 0.3.0 1.62 18.00 19.62 OK
r-devel-linux-x86_64-fedora-clang 0.3.0 42.95 OK
r-devel-linux-x86_64-fedora-gcc 0.3.0 40.55 OK
r-devel-windows-x86_64 0.2.2 8.00 49.00 57.00 NOTE
r-patched-linux-x86_64 0.3.0 1.83 22.54 24.37 OK
r-release-linux-x86_64 0.3.0 2.11 21.78 23.89 OK
r-release-macos-arm64 0.3.0 17.00 OK
r-release-macos-x86_64 0.3.0 20.00 OK
r-release-windows-x86_64 0.3.0 10.00 49.00 59.00 OK
r-oldrel-macos-arm64 0.3.0 23.00 OK
r-oldrel-macos-x86_64 0.3.0 25.00 OK
r-oldrel-windows-ix86+x86_64 0.3.0 7.00 45.00 52.00 OK

Check Details

Version: 0.2.2
Check: LazyData
Result: NOTE
     'LazyData' is specified without a 'data' directory
Flavor: r-devel-windows-x86_64