Last updated on 2023-09-27 21:01:34 CEST.
Flavor | Version | Tinstall | Tcheck | Ttotal | Status | Flags |
---|---|---|---|---|---|---|
r-devel-linux-x86_64-debian-clang | 0.2.0 | 33.25 | 30.61 | 63.86 | NOTE | |
r-devel-linux-x86_64-debian-gcc | 0.2.0 | 22.70 | 23.61 | 46.31 | NOTE | |
r-devel-linux-x86_64-fedora-clang | 0.2.0 | 94.13 | NOTE | |||
r-devel-linux-x86_64-fedora-gcc | 0.2.0 | 90.31 | NOTE | |||
r-devel-windows-x86_64 | 0.2.0 | 28.00 | 67.00 | 95.00 | NOTE | |
r-patched-linux-x86_64 | 0.2.0 | 33.90 | 30.00 | 63.90 | NOTE | |
r-release-linux-x86_64 | 0.2.0 | 34.95 | 29.91 | 64.86 | NOTE | |
r-release-macos-arm64 | 0.2.0 | 27.00 | NOTE | |||
r-release-macos-x86_64 | 0.2.0 | 43.00 | NOTE | |||
r-release-windows-x86_64 | 0.2.0 | 37.00 | 71.00 | 108.00 | NOTE | |
r-oldrel-macos-arm64 | 0.2.0 | 28.00 | OK | |||
r-oldrel-macos-x86_64 | 0.2.0 | 37.00 | OK | |||
r-oldrel-windows-x86_64 | 0.2.0 | 36.00 | 68.00 | 104.00 | OK |
Version: 0.2.0
Check: C++ specification
Result: NOTE
Specified C++11: please drop specification unless essential
Flavors: r-devel-linux-x86_64-debian-clang, r-devel-linux-x86_64-debian-gcc, r-devel-linux-x86_64-fedora-clang, r-devel-linux-x86_64-fedora-gcc, r-devel-windows-x86_64, r-patched-linux-x86_64, r-release-linux-x86_64, r-release-macos-arm64, r-release-macos-x86_64, r-release-windows-x86_64
Version: 0.2.0
Check: Rd \usage sections
Result: NOTE
Documented arguments not in \usage in documentation object 'rrum_helper':
‘deltas’
Functions with \usage entries need to have the appropriate \alias
entries, and all their arguments documented.
The \usage entries must correspond to syntactically valid R code.
See chapter ‘Writing R documentation files’ in the ‘Writing R
Extensions’ manual.
Flavors: r-devel-linux-x86_64-debian-clang, r-devel-linux-x86_64-debian-gcc, r-devel-linux-x86_64-fedora-clang, r-devel-linux-x86_64-fedora-gcc, r-devel-windows-x86_64