CRAN Package Check Results for Package rpinterest

Last updated on 2022-10-02 00:55:20 CEST.

Flavor Version Tinstall Tcheck Ttotal Status Flags
r-devel-linux-x86_64-debian-clang 0.3.1 2.20 23.45 25.65 NOTE
r-devel-linux-x86_64-debian-gcc 0.3.1 1.44 17.72 19.16 NOTE
r-devel-linux-x86_64-fedora-clang 0.3.1 43.58 NOTE
r-devel-linux-x86_64-fedora-gcc 0.3.1 40.06 NOTE
r-devel-windows-x86_64 0.3.1 4.00 50.00 54.00 NOTE
r-patched-linux-x86_64 0.3.1 2.56 22.18 24.74 NOTE
r-release-linux-x86_64 0.3.1 2.29 21.81 24.10 NOTE
r-release-macos-arm64 0.3.1 14.00 NOTE
r-release-macos-x86_64 0.3.1 22.00 NOTE
r-release-windows-x86_64 0.3.1 18.00 47.00 65.00 NOTE
r-oldrel-macos-arm64 0.3.1 23.00 NOTE
r-oldrel-macos-x86_64 0.3.1 24.00 NOTE
r-oldrel-windows-ix86+x86_64 0.3.1 6.00 45.00 51.00 NOTE

Check Details

Version: 0.3.1
Check: LazyData
Result: NOTE
     'LazyData' is specified without a 'data' directory
Flavors: r-devel-linux-x86_64-debian-clang, r-devel-linux-x86_64-debian-gcc, r-devel-linux-x86_64-fedora-clang, r-devel-linux-x86_64-fedora-gcc, r-devel-windows-x86_64, r-patched-linux-x86_64, r-release-linux-x86_64, r-release-macos-arm64, r-release-macos-x86_64, r-release-windows-x86_64, r-oldrel-macos-arm64, r-oldrel-macos-x86_64, r-oldrel-windows-ix86+x86_64