Last updated on 2022-08-14 00:54:31 CEST.
Flavor | Version | Tinstall | Tcheck | Ttotal | Status | Flags |
---|---|---|---|---|---|---|
r-devel-linux-x86_64-debian-clang | 1.0.11 | 166.55 | 94.33 | 260.88 | OK | |
r-devel-linux-x86_64-debian-gcc | 1.0.11 | 121.64 | 71.07 | 192.71 | OK | |
r-devel-linux-x86_64-fedora-clang | 1.0.11 | 365.68 | OK | |||
r-devel-linux-x86_64-fedora-gcc | 1.0.11 | 349.61 | OK | |||
r-devel-windows-x86_64 | 1.0.11 | 132.00 | 146.00 | 278.00 | OK | |
r-patched-linux-x86_64 | 1.0.11 | 136.55 | 86.79 | 223.34 | OK | |
r-release-linux-x86_64 | 1.0.11 | 132.49 | 87.43 | 219.92 | OK | |
r-release-macos-arm64 | 1.0.11 | 94.00 | NOTE | |||
r-release-macos-x86_64 | 1.0.11 | 116.00 | NOTE | |||
r-release-windows-x86_64 | 1.0.11 | 274.00 | 146.00 | 420.00 | OK | |
r-oldrel-macos-arm64 | 1.0.11 | 95.00 | NOTE | |||
r-oldrel-macos-x86_64 | 1.0.11 | 133.00 | NOTE | |||
r-oldrel-windows-ix86+x86_64 | 1.0.11 | 324.00 | 155.00 | 479.00 | OK |
Version: 1.0.11
Check: installed package size
Result: NOTE
installed size is 22.4Mb
sub-directories of 1Mb or more:
libs 21.4Mb
Flavors: r-release-macos-arm64, r-release-macos-x86_64, r-oldrel-macos-arm64, r-oldrel-macos-x86_64