CRAN Package Check Results for Package rpart

Last updated on 2020-09-22 14:05:09 CEST.

Flavor Version Tinstall Tcheck Ttotal Status Flags
r-devel-linux-x86_64-debian-clang 4.1-15 8.49 65.11 73.60 OK
r-devel-linux-x86_64-debian-gcc 4.1-15 8.13 51.90 60.03 OK
r-devel-linux-x86_64-fedora-clang 4.1-15 107.35 NOTE
r-devel-linux-x86_64-fedora-gcc 4.1-15 92.71 OK
r-devel-windows-ix86+x86_64 4.1-15 43.00 98.00 141.00 OK
r-patched-linux-x86_64 4.1-15 6.57 64.14 70.71 OK
r-patched-solaris-x86 4.1-15 OK
r-release-linux-x86_64 4.1-15 7.73 64.26 71.99 OK
r-release-macos-x86_64 4.1-15 OK
r-release-windows-ix86+x86_64 4.1-15 41.00 98.00 139.00 OK
r-oldrel-macos-x86_64 4.1-15 OK
r-oldrel-windows-ix86+x86_64 4.1-15 33.00 111.00 144.00 OK

Additional issues

clang-UBSAN

Check Details

Version: 4.1-15
Check: Rd cross-references
Result: NOTE
    Undeclared package ‘tree’ in Rd xrefs
Flavor: r-devel-linux-x86_64-fedora-clang