CRAN Package Check Results for Package rpanel

Last updated on 2024-06-15 12:48:34 CEST.

Flavor Version Tinstall Tcheck Ttotal Status Flags
r-devel-linux-x86_64-debian-clang 1.1-5.2 20.45 86.84 107.29 NOTE
r-devel-linux-x86_64-debian-gcc 1.1-5.2 13.67 62.64 76.31 NOTE
r-devel-linux-x86_64-fedora-clang 1.1-5.2 137.54 NOTE
r-devel-linux-x86_64-fedora-gcc 1.1-5.2 128.67 NOTE
r-devel-windows-x86_64 1.1-5.2 11.00 78.00 89.00 NOTE
r-patched-linux-x86_64 1.1-5.2 19.52 83.58 103.10 NOTE
r-release-linux-x86_64 1.1-5.2 18.11 82.71 100.82 NOTE
r-release-macos-arm64 1.1-5.2 53.00 NOTE
r-release-macos-x86_64 1.1-5.2 101.00 NOTE
r-release-windows-x86_64 1.1-5.2 12.00 80.00 92.00 NOTE
r-oldrel-macos-arm64 1.1-5.2 34.00 NOTE
r-oldrel-macos-x86_64 1.1-5.2 61.00 NOTE
r-oldrel-windows-x86_64 1.1-5.2 16.00 90.00 106.00 NOTE

Check Details

Version: 1.1-5.2
Check: package dependencies
Result: NOTE Package suggested but not available for checking: ‘RandomFields’ Flavors: r-devel-linux-x86_64-debian-clang, r-devel-linux-x86_64-debian-gcc, r-devel-linux-x86_64-fedora-clang, r-devel-linux-x86_64-fedora-gcc, r-devel-windows-x86_64, r-patched-linux-x86_64, r-release-linux-x86_64, r-release-macos-arm64, r-release-macos-x86_64, r-release-windows-x86_64, r-oldrel-macos-arm64, r-oldrel-macos-x86_64, r-oldrel-windows-x86_64

Version: 1.1-5.2
Check: Rd files
Result: NOTE checkRd: (-1) Clyde.Rd:8: Lost braces 8 | These data record the water quality, in terms of dissolved oxygen (\code{DO}) on a percentage scale, at a number of sampling stations (\code{Station}) on the River Clyde. The date (\code{Day}, \\code{Month}, \code{Year}) is also available, along with the day of the year (\code{Doy} between 1 and 365) and an identified (\code{id}) of the survey on which each measurement was made. | ^ checkRd: (-1) rp.pos.Rd:22-24: Lost braces in \itemize; meant \describe ? checkRd: (-1) rp.pos.Rd:25-27: Lost braces in \itemize; meant \describe ? checkRd: (-1) rp.pos.Rd:28-30: Lost braces in \itemize; meant \describe ? checkRd: (-1) rp.pos.Rd:31-49: Lost braces in \itemize; meant \describe ? checkRd: (-1) rp.pos.Rd:35: Lost braces in \itemize; meant \describe ? checkRd: (-1) rp.pos.Rd:36: Lost braces in \itemize; meant \describe ? checkRd: (-1) rp.pos.Rd:37: Lost braces in \itemize; meant \describe ? checkRd: (-1) rp.pos.Rd:38: Lost braces in \itemize; meant \describe ? checkRd: (-1) rp.pos.Rd:39: Lost braces in \itemize; meant \describe ? checkRd: (-1) rp.pos.Rd:40: Lost braces in \itemize; meant \describe ? checkRd: (-1) rp.pos.Rd:41: Lost braces in \itemize; meant \describe ? checkRd: (-1) rp.pos.Rd:42: Lost braces in \itemize; meant \describe ? checkRd: (-1) rp.pos.Rd:43: Lost braces in \itemize; meant \describe ? Flavors: r-devel-linux-x86_64-debian-clang, r-devel-linux-x86_64-debian-gcc, r-devel-linux-x86_64-fedora-clang, r-devel-linux-x86_64-fedora-gcc, r-devel-windows-x86_64, r-patched-linux-x86_64, r-release-linux-x86_64, r-release-macos-arm64, r-release-macos-x86_64, r-release-windows-x86_64