CRAN Package Check Results for Package rocTree

Last updated on 2020-10-30 07:50:05 CET.

Flavor Version Tinstall Tcheck Ttotal Status Flags
r-devel-linux-x86_64-debian-clang 1.1.1 166.99 94.35 261.34 OK
r-devel-linux-x86_64-debian-gcc 1.1.1 121.83 71.22 193.05 OK
r-devel-linux-x86_64-fedora-clang 1.1.1 349.57 NOTE
r-devel-linux-x86_64-fedora-gcc 1.1.1 341.63 OK
r-devel-windows-ix86+x86_64 1.1.1 367.00 124.00 491.00 OK
r-patched-linux-x86_64 1.1.1 140.31 87.03 227.34 OK
r-patched-solaris-x86 1.1.1 320.80 OK
r-release-linux-x86_64 1.1.1 142.53 85.97 228.50 OK
r-release-macos-x86_64 1.1.1 NOTE
r-release-windows-ix86+x86_64 1.1.1 268.00 173.00 441.00 OK
r-oldrel-macos-x86_64 1.1.1 NOTE
r-oldrel-windows-ix86+x86_64 1.1.1 323.00 154.00 477.00 OK

Check Details

Version: 1.1.1
Check: installed package size
Result: NOTE
     installed size is 7.5Mb
     sub-directories of 1Mb or more:
     libs 7.3Mb
Flavors: r-devel-linux-x86_64-fedora-clang, r-release-macos-x86_64, r-oldrel-macos-x86_64