CRAN Package Check Results for Package robustlmm

Last updated on 2020-09-21 19:59:11 CEST.

Flavor Version Tinstall Tcheck Ttotal Status Flags
r-devel-linux-x86_64-debian-clang 2.3 238.30 309.42 547.72 OK
r-devel-linux-x86_64-debian-gcc 2.3 202.81 234.11 436.92 OK
r-devel-linux-x86_64-fedora-clang 2.3 769.10 NOTE
r-devel-linux-x86_64-fedora-gcc 2.3 748.55 OK
r-devel-windows-ix86+x86_64 2.3 565.00 475.00 1040.00 NOTE
r-patched-linux-x86_64 2.3 209.24 303.00 512.24 OK
r-patched-solaris-x86 2.3 691.50 OK
r-release-linux-x86_64 2.3 208.61 305.31 513.92 OK
r-release-macos-x86_64 2.3 NOTE
r-release-windows-ix86+x86_64 2.3 542.00 449.00 991.00 NOTE
r-oldrel-macos-x86_64 2.3 NOTE
r-oldrel-windows-ix86+x86_64 2.3 371.00 528.00 899.00 OK

Additional issues

rchk

Check Details

Version: 2.3
Check: installed package size
Result: NOTE
     installed size is 34.9Mb
     sub-directories of 1Mb or more:
     libs 33.7Mb
Flavors: r-devel-linux-x86_64-fedora-clang, r-devel-windows-ix86+x86_64, r-release-macos-x86_64, r-release-windows-ix86+x86_64, r-oldrel-macos-x86_64