CRAN Package Check Results for Package robregcc

Last updated on 2020-10-26 13:47:08 CET.

Flavor Version Tinstall Tcheck Ttotal Status Flags
r-devel-linux-x86_64-debian-clang 1.1 47.17 39.81 86.98 OK
r-devel-linux-x86_64-debian-gcc 1.1 40.17 30.61 70.78 OK
r-devel-linux-x86_64-fedora-clang 1.1 128.07 OK
r-devel-linux-x86_64-fedora-gcc 1.1 119.23 OK
r-devel-windows-ix86+x86_64 1.1 105.00 93.00 198.00 OK
r-patched-linux-x86_64 1.1 40.47 37.82 78.29 OK
r-patched-solaris-x86 1.1 111.50 OK
r-release-linux-x86_64 1.1 41.03 37.69 78.72 OK
r-release-macos-x86_64 1.1 NOTE
r-release-windows-ix86+x86_64 1.1 75.00 66.00 141.00 OK
r-oldrel-macos-x86_64 1.1 NOTE
r-oldrel-windows-ix86+x86_64 1.1 94.00 62.00 156.00 OK

Check Details

Version: 1.1
Check: installed package size
Result: NOTE
     installed size is 5.2Mb
     sub-directories of 1Mb or more:
     libs 4.9Mb
Flavors: r-release-macos-x86_64, r-oldrel-macos-x86_64