CRAN Package Check Results for Package roben

Last updated on 2022-10-01 01:49:15 CEST.

Flavor Version Tinstall Tcheck Ttotal Status Flags
r-devel-linux-x86_64-debian-clang 0.1.0 242.21 57.64 299.85 OK
r-devel-linux-x86_64-debian-gcc 0.1.0 186.65 41.63 228.28 OK
r-devel-linux-x86_64-fedora-clang 0.1.0 462.42 OK
r-devel-linux-x86_64-fedora-gcc 0.1.0 401.96 OK
r-devel-windows-x86_64 0.1.0 161.00 107.00 268.00 OK
r-patched-linux-x86_64 0.1.0 210.22 57.56 267.78 OK
r-release-linux-x86_64 0.1.0 195.18 56.38 251.56 OK
r-release-macos-arm64 0.1.0 102.00 NOTE
r-release-macos-x86_64 0.1.0 115.00 NOTE
r-release-windows-x86_64 0.1.0 163.00 107.00 270.00 OK
r-oldrel-macos-arm64 0.1.0 102.00 NOTE
r-oldrel-macos-x86_64 0.1.0 143.00 NOTE
r-oldrel-windows-ix86+x86_64 0.1.0 578.00 146.00 724.00 OK

Check Details

Version: 0.1.0
Check: installed package size
Result: NOTE
     installed size is 9.1Mb
     sub-directories of 1Mb or more:
     libs 8.5Mb
Flavors: r-release-macos-arm64, r-release-macos-x86_64, r-oldrel-macos-arm64, r-oldrel-macos-x86_64