CRAN Package Check Results for Package robFitConGraph

Last updated on 2020-10-28 01:49:43 CET.

Flavor Version Tinstall Tcheck Ttotal Status Flags
r-devel-linux-x86_64-debian-clang 0.1.0 21.68 24.70 46.38 OK
r-devel-linux-x86_64-debian-gcc 0.1.0 13.40 19.32 32.72 OK
r-devel-linux-x86_64-fedora-clang 0.1.0 68.34 NOTE
r-devel-linux-x86_64-fedora-gcc 0.1.0 57.18 NOTE
r-devel-windows-ix86+x86_64 0.1.0 47.00 54.00 101.00 OK
r-patched-linux-x86_64 0.1.0 OK
r-patched-solaris-x86 0.1.0 65.10 NOTE
r-release-linux-x86_64 0.1.0 18.16 23.88 42.04 OK
r-release-macos-x86_64 0.1.0 NOTE
r-release-windows-ix86+x86_64 0.1.0 39.00 50.00 89.00 OK
r-oldrel-macos-x86_64 0.1.0 NOTE
r-oldrel-windows-ix86+x86_64 0.1.0 47.00 57.00 104.00 OK

Check Details

Version: 0.1.0
Check: dependencies in R code
Result: NOTE
    Namespace in Imports field not imported from: ‘mvtnorm’
     All declared Imports should be used.
Flavors: r-devel-linux-x86_64-fedora-clang, r-devel-linux-x86_64-fedora-gcc, r-patched-solaris-x86, r-release-macos-x86_64, r-oldrel-macos-x86_64

Version: 0.1.0
Check: Rd cross-references
Result: NOTE
    Undeclared package ‘ggm’ in Rd xrefs
Flavor: r-devel-linux-x86_64-fedora-clang