Last updated on 2022-08-10 12:56:27 CEST.
Flavor | Version | Tinstall | Tcheck | Ttotal | Status | Flags |
---|---|---|---|---|---|---|
r-devel-linux-x86_64-debian-clang | 2.0.4 | 9.70 | 115.74 | 125.44 | NOTE | |
r-devel-linux-x86_64-debian-gcc | 2.0.4 | 7.71 | 87.04 | 94.75 | NOTE | |
r-devel-linux-x86_64-fedora-clang | 2.0.6 | 169.84 | OK | |||
r-devel-linux-x86_64-fedora-gcc | 2.0.6 | 170.68 | OK | |||
r-devel-windows-x86_64 | 2.0.4 | 22.00 | 165.00 | 187.00 | NOTE | |
r-patched-linux-x86_64 | 2.0.4 | 8.68 | 110.46 | 119.14 | NOTE | |
r-release-linux-x86_64 | 2.0.4 | NOTE | ||||
r-release-macos-arm64 | 2.0.4 | 71.00 | NOTE | |||
r-release-macos-x86_64 | 2.0.4 | 102.00 | NOTE | |||
r-release-windows-x86_64 | 2.0.4 | 18.00 | 163.00 | 181.00 | NOTE | |
r-oldrel-macos-arm64 | 2.0.4 | 59.00 | NOTE | |||
r-oldrel-macos-x86_64 | 2.0.4 | 1803.00 | NOTE | |||
r-oldrel-windows-ix86+x86_64 | 2.0.4 | 22.00 | 157.00 | 179.00 | NOTE |
Version: 2.0.4
Check: LazyData
Result: NOTE
'LazyData' is specified without a 'data' directory
Flavors: r-devel-linux-x86_64-debian-clang, r-devel-linux-x86_64-debian-gcc, r-devel-windows-x86_64, r-patched-linux-x86_64, r-release-linux-x86_64, r-release-macos-arm64, r-release-macos-x86_64, r-release-windows-x86_64, r-oldrel-macos-arm64, r-oldrel-macos-x86_64, r-oldrel-windows-ix86+x86_64